Last updated on 2022-06-30 11:53:05 CEST.
Flavor | Version | Tinstall | Tcheck | Ttotal | Status | Flags |
---|---|---|---|---|---|---|
r-devel-linux-x86_64-debian-clang | 1.4-0 | 3.39 | 193.20 | 196.59 | OK | |
r-devel-linux-x86_64-debian-gcc | 1.4-0 | 3.37 | 145.89 | 149.26 | OK | |
r-devel-linux-x86_64-fedora-clang | 1.4-0 | 256.24 | NOTE | |||
r-devel-linux-x86_64-fedora-gcc | 1.4-0 | 253.89 | OK | |||
r-devel-windows-x86_64 | 1.4-0 | 206.00 | 367.00 | 573.00 | NOTE | |
r-patched-linux-x86_64 | 1.4-0 | 6.28 | 181.69 | 187.97 | OK | |
r-release-linux-x86_64 | 1.4-0 | 2.85 | 181.41 | 184.26 | OK | |
r-release-macos-arm64 | 1.4-0 | 95.00 | NOTE | |||
r-release-macos-x86_64 | 1.4-0 | 110.00 | NOTE | |||
r-release-windows-x86_64 | 1.4-0 | 176.00 | 351.00 | 527.00 | NOTE | |
r-oldrel-macos-arm64 | 1.4-0 | 95.00 | NOTE | |||
r-oldrel-macos-x86_64 | 1.4-0 | 136.00 | NOTE | |||
r-oldrel-windows-ix86+x86_64 | 1.4-0 | 10.00 | 300.00 | 310.00 | NOTE |
Version: 1.4-0
Check: installed package size
Result: NOTE
installed size is 5.4Mb
sub-directories of 1Mb or more:
doc 2.5Mb
extdata 2.1Mb
Flavors: r-devel-linux-x86_64-fedora-clang, r-devel-windows-x86_64, r-release-macos-arm64, r-release-macos-x86_64, r-release-windows-x86_64, r-oldrel-macos-arm64, r-oldrel-macos-x86_64, r-oldrel-windows-ix86+x86_64