CRAN Package Check Results for Package colorBlindness

Last updated on 2022-06-27 11:50:40 CEST.

Flavor Version Tinstall Tcheck Ttotal Status Flags
r-devel-linux-x86_64-debian-clang 0.1.9 6.85 75.42 82.27 OK
r-devel-linux-x86_64-debian-gcc 0.1.9 5.28 57.50 62.78 OK
r-devel-linux-x86_64-fedora-clang 0.1.9 106.56 NOTE
r-devel-linux-x86_64-fedora-gcc 0.1.9 105.07 OK
r-devel-windows-x86_64 0.1.9 78.00 107.00 185.00 NOTE
r-patched-linux-x86_64 0.1.9 6.51 70.64 77.15 OK
r-release-linux-x86_64 0.1.9 4.21 70.23 74.44 OK
r-release-macos-arm64 0.1.9 34.00 NOTE
r-release-macos-x86_64 0.1.9 62.00 NOTE
r-release-windows-x86_64 0.1.9 55.00 109.00 164.00 NOTE
r-oldrel-macos-arm64 0.1.9 50.00 NOTE
r-oldrel-macos-x86_64 0.1.9 59.00 NOTE
r-oldrel-windows-ix86+x86_64 0.1.9 16.00 92.00 108.00 NOTE

Check Details

Version: 0.1.9
Check: installed package size
Result: NOTE
     installed size is 5.2Mb
     sub-directories of 1Mb or more:
     doc 4.9Mb
Flavors: r-devel-linux-x86_64-fedora-clang, r-devel-windows-x86_64, r-release-macos-arm64, r-release-macos-x86_64, r-release-windows-x86_64, r-oldrel-macos-arm64, r-oldrel-macos-x86_64, r-oldrel-windows-ix86+x86_64