CRAN Package Check Results for Package coloc

Last updated on 2022-07-01 11:51:57 CEST.

Flavor Version Tinstall Tcheck Ttotal Status Flags
r-devel-linux-x86_64-debian-clang 5.1.0 13.66 135.88 149.54 WARN
r-devel-linux-x86_64-debian-gcc 5.1.0 10.64 101.40 112.04 WARN
r-devel-linux-x86_64-fedora-clang 5.1.0 193.53 WARN
r-devel-linux-x86_64-fedora-gcc 5.1.0 200.12 WARN
r-devel-windows-x86_64 5.1.0 31.00 169.00 200.00 WARN
r-patched-linux-x86_64 5.1.0 14.33 128.96 143.29 OK
r-release-linux-x86_64 5.1.0 12.23 128.76 140.99 OK
r-release-macos-arm64 5.1.0 59.00 OK
r-release-macos-x86_64 5.1.0 114.00 OK
r-release-windows-x86_64 5.1.0 38.00 168.00 206.00 OK
r-oldrel-macos-arm64 5.1.0 91.00 OK
r-oldrel-macos-x86_64 5.1.0 76.00 OK
r-oldrel-windows-ix86+x86_64 5.1.0 33.00 165.00 198.00 OK

Check Details

Version: 5.1.0
Check: Rd files
Result: WARN
    checkRd: (5) check_dataset.Rd:59: \item in \describe must have non-empty label
    checkRd: (5) check_dataset.Rd:65: \item in \describe must have non-empty label
Flavors: r-devel-linux-x86_64-debian-clang, r-devel-linux-x86_64-debian-gcc, r-devel-linux-x86_64-fedora-clang, r-devel-linux-x86_64-fedora-gcc, r-devel-windows-x86_64