CRAN Package Check Results for Package collections

Last updated on 2022-07-07 12:55:20 CEST.

Flavor Version Tinstall Tcheck Ttotal Status Flags
r-devel-linux-x86_64-debian-clang 0.3.5 6.45 25.98 32.43 NOTE
r-devel-linux-x86_64-debian-gcc 0.3.5 5.79 20.42 26.21 NOTE
r-devel-linux-x86_64-fedora-clang 0.3.5 51.54 NOTE
r-devel-linux-x86_64-fedora-gcc 0.3.5 50.09 NOTE
r-devel-windows-x86_64 0.3.5 51.00 58.00 109.00 NOTE
r-patched-linux-x86_64 0.3.5 5.96 25.09 31.05 NOTE
r-release-linux-x86_64 0.3.5 5.90 25.32 31.22 NOTE
r-release-macos-arm64 0.3.5 18.00 NOTE
r-release-macos-x86_64 0.3.5 25.00 NOTE
r-release-windows-x86_64 0.3.5 39.00 56.00 95.00 NOTE
r-oldrel-macos-arm64 0.3.5 25.00 NOTE
r-oldrel-macos-x86_64 0.3.5 34.00 NOTE
r-oldrel-windows-ix86+x86_64 0.3.5 21.00 56.00 77.00 NOTE

Check Details

Version: 0.3.5
Check: LazyData
Result: NOTE
     'LazyData' is specified without a 'data' directory
Flavors: r-devel-linux-x86_64-debian-clang, r-devel-linux-x86_64-debian-gcc, r-devel-linux-x86_64-fedora-clang, r-devel-linux-x86_64-fedora-gcc, r-devel-windows-x86_64, r-patched-linux-x86_64, r-release-linux-x86_64, r-release-macos-arm64, r-release-macos-x86_64, r-release-windows-x86_64, r-oldrel-macos-arm64, r-oldrel-macos-x86_64, r-oldrel-windows-ix86+x86_64