CRAN Package Check Results for Package colf

Last updated on 2022-08-17 12:55:11 CEST.

Flavor Version Tinstall Tcheck Ttotal Status Flags
r-devel-linux-x86_64-debian-clang 0.1.3 1.68 31.45 33.13 NOTE
r-devel-linux-x86_64-debian-gcc 0.1.3 NOTE
r-devel-linux-x86_64-fedora-clang 0.1.3 53.95 NOTE
r-devel-linux-x86_64-fedora-gcc 0.1.3 51.95 NOTE
r-devel-windows-x86_64 0.1.3 12.00 63.00 75.00 NOTE
r-patched-linux-x86_64 0.1.3 1.66 30.23 31.89 NOTE
r-release-linux-x86_64 0.1.3 2.14 30.00 32.14 NOTE
r-release-macos-arm64 0.1.3 21.00 NOTE
r-release-macos-x86_64 0.1.3 25.00 NOTE
r-release-windows-x86_64 0.1.3 14.00 62.00 76.00 NOTE
r-oldrel-macos-arm64 0.1.3 20.00 NOTE
r-oldrel-macos-x86_64 0.1.3 37.00 NOTE
r-oldrel-windows-ix86+x86_64 0.1.3 7.00 55.00 62.00 NOTE

Check Details

Version: 0.1.3
Check: LazyData
Result: NOTE
     'LazyData' is specified without a 'data' directory
Flavors: r-devel-linux-x86_64-debian-clang, r-devel-linux-x86_64-debian-gcc, r-devel-linux-x86_64-fedora-clang, r-devel-linux-x86_64-fedora-gcc, r-devel-windows-x86_64, r-patched-linux-x86_64, r-release-linux-x86_64, r-release-macos-arm64, r-release-macos-x86_64, r-release-windows-x86_64, r-oldrel-macos-arm64, r-oldrel-macos-x86_64, r-oldrel-windows-ix86+x86_64