CRAN Package Check Results for Package colf

Last updated on 2025-11-02 13:49:34 CET.

Flavor Version Tinstall Tcheck Ttotal Status Flags
r-devel-linux-x86_64-debian-clang 0.1.3 1.91 28.90 30.81 OK
r-devel-linux-x86_64-debian-gcc 0.1.3 1.53 23.51 25.04 OK
r-devel-linux-x86_64-fedora-clang 0.1.3 45.66 OK
r-devel-linux-x86_64-fedora-gcc 0.1.3 56.69 OK
r-devel-windows-x86_64 0.1.3 3.00 48.00 51.00 OK
r-patched-linux-x86_64 0.1.3 1.98 26.19 28.17 OK
r-release-linux-x86_64 0.1.3 1.89 26.43 28.32 OK
r-release-macos-arm64 0.1.3 1.00 24.00 25.00 OK
r-release-macos-x86_64 0.1.3 2.00 42.00 44.00 OK
r-release-windows-x86_64 0.1.3 3.00 48.00 51.00 OK
r-oldrel-macos-arm64 0.1.3 1.00 27.00 28.00 NOTE
r-oldrel-macos-x86_64 0.1.3 2.00 38.00 40.00 NOTE
r-oldrel-windows-x86_64 0.1.3 5.00 61.00 66.00 NOTE

Check Details

Version: 0.1.3
Check: LazyData
Result: NOTE 'LazyData' is specified without a 'data' directory Flavors: r-oldrel-macos-arm64, r-oldrel-macos-x86_64, r-oldrel-windows-x86_64