Last updated on 2023-02-02 11:53:55 CET.
Flavor | Version | Tinstall | Tcheck | Ttotal | Status | Flags |
---|---|---|---|---|---|---|
r-devel-linux-x86_64-debian-clang | 0.9.3 | 8.32 | 105.91 | 114.23 | NOTE | |
r-devel-linux-x86_64-debian-gcc | 0.9.3 | 7.40 | 77.88 | 85.28 | NOTE | |
r-devel-linux-x86_64-fedora-clang | 0.9.3 | NOTE | ||||
r-devel-linux-x86_64-fedora-gcc | 0.9.3 | 136.66 | NOTE | |||
r-patched-linux-x86_64 | 0.9.3 | 8.94 | 101.87 | 110.81 | OK | |
r-release-linux-x86_64 | 0.9.3 | 8.37 | 104.44 | 112.81 | OK | |
r-release-macos-arm64 | 0.9.3 | 44.00 | OK | |||
r-release-macos-x86_64 | 0.9.3 | 87.00 | OK | |||
r-release-windows-x86_64 | 0.9.3 | 62.00 | 143.00 | 205.00 | OK | |
r-oldrel-macos-arm64 | 0.9.3 | 36.00 | OK | |||
r-oldrel-macos-x86_64 | 0.9.3 | 54.00 | OK | |||
r-oldrel-windows-ix86+x86_64 | 0.9.3 | 21.00 | 126.00 | 147.00 | OK |
Version: 0.9.3
Check: package subdirectories
Result: NOTE
Problems with news in ‘NEWS.md’:
No news entries found.
Flavors: r-devel-linux-x86_64-debian-clang, r-devel-linux-x86_64-debian-gcc, r-devel-linux-x86_64-fedora-clang, r-devel-linux-x86_64-fedora-gcc