CRAN Package Check Results for Package codename

Last updated on 2022-06-29 11:52:06 CEST.

Flavor Version Tinstall Tcheck Ttotal Status Flags
r-devel-linux-x86_64-debian-clang 0.4.0 2.09 21.57 23.66 OK
r-devel-linux-x86_64-debian-gcc 0.4.0 1.59 17.00 18.59 OK
r-devel-linux-x86_64-fedora-clang 0.4.0 40.14 NOTE
r-devel-linux-x86_64-fedora-gcc 0.4.0 39.35 NOTE
r-devel-windows-x86_64 0.4.0 23.00 49.00 72.00 OK
r-patched-linux-x86_64 0.4.0 2.12 21.68 23.80 OK
r-release-linux-x86_64 0.4.0 1.57 21.19 22.76 OK
r-release-macos-arm64 0.4.0 14.00 NOTE
r-release-macos-x86_64 0.4.0 19.00 NOTE
r-release-windows-x86_64 0.4.0 20.00 49.00 69.00 OK
r-oldrel-macos-arm64 0.4.0 19.00 NOTE
r-oldrel-macos-x86_64 0.4.0 21.00 NOTE
r-oldrel-windows-ix86+x86_64 0.4.0 6.00 39.00 45.00 OK

Check Details

Version: 0.4.0
Check: data for non-ASCII characters
Result: NOTE
     Note: found 6 marked UTF-8 strings
Flavors: r-devel-linux-x86_64-fedora-clang, r-devel-linux-x86_64-fedora-gcc, r-release-macos-arm64, r-release-macos-x86_64, r-oldrel-macos-arm64, r-oldrel-macos-x86_64