CRAN Package Check Results for Package codacore

Last updated on 2022-06-24 11:52:05 CEST.

Flavor Version Tinstall Tcheck Ttotal Status Flags
r-devel-linux-x86_64-debian-clang 0.0.3 7.54 87.67 95.21 OK
r-devel-linux-x86_64-debian-gcc 0.0.3 7.48 67.12 74.60 OK
r-devel-linux-x86_64-fedora-clang 0.0.3 134.29 WARN
r-devel-linux-x86_64-fedora-gcc 0.0.3 128.27 WARN
r-devel-windows-x86_64 0.0.3 37.00 115.00 152.00 OK
r-patched-linux-x86_64 0.0.3 10.66 85.04 95.70 OK
r-release-linux-x86_64 0.0.3 7.49 84.09 91.58 OK
r-release-macos-arm64 0.0.3 37.00 OK
r-release-macos-x86_64 0.0.3 69.00 OK
r-release-windows-x86_64 0.0.3 61.00 115.00 176.00 OK
r-oldrel-macos-arm64 0.0.3 39.00 OK
r-oldrel-macos-x86_64 0.0.3 52.00 OK
r-oldrel-windows-ix86+x86_64 0.0.3 21.00 108.00 129.00 OK

Additional issues

donttest

Check Details

Version: 0.0.3
Check: package dependencies
Result: WARN
    Requires orphaned package: ‘gtools’
Flavors: r-devel-linux-x86_64-fedora-clang, r-devel-linux-x86_64-fedora-gcc