CRAN Package Check Results for Package cocron

Last updated on 2024-02-21 11:01:05 CET.

Flavor Version Tinstall Tcheck Ttotal Status Flags
r-devel-linux-x86_64-debian-clang 1.0-1 NOTE
r-devel-linux-x86_64-debian-gcc 1.0-1 2.08 22.83 24.91 NOTE
r-devel-linux-x86_64-fedora-clang 1.0-1 41.28 NOTE
r-devel-linux-x86_64-fedora-gcc 1.0-1 39.55 NOTE
r-devel-windows-x86_64 1.0-1 4.00 45.00 49.00 NOTE
r-patched-linux-x86_64 1.0-1 3.60 29.19 32.79 NOTE
r-release-linux-x86_64 1.0-1 3.24 28.81 32.05 NOTE
r-release-macos-arm64 1.0-1 17.00 NOTE
r-release-macos-x86_64 1.0-1 23.00 NOTE
r-release-windows-x86_64 1.0-1 3.00 47.00 50.00 NOTE
r-oldrel-macos-arm64 1.0-1 17.00 NOTE
r-oldrel-windows-x86_64 1.0-1 6.00 50.00 56.00 NOTE

Check Details

Version: 1.0-1
Check: package dependencies
Result: NOTE Package which this enhances but not available for checking: ‘rkward’ Flavors: r-devel-linux-x86_64-debian-clang, r-devel-linux-x86_64-debian-gcc, r-devel-linux-x86_64-fedora-clang, r-devel-linux-x86_64-fedora-gcc, r-devel-windows-x86_64, r-patched-linux-x86_64, r-release-linux-x86_64, r-release-macos-arm64, r-release-macos-x86_64, r-release-windows-x86_64, r-oldrel-macos-arm64, r-oldrel-windows-x86_64