Last updated on 2024-03-28 09:51:39 CET.
Flavor | Version | Tinstall | Tcheck | Ttotal | Status | Flags |
---|---|---|---|---|---|---|
r-devel-linux-x86_64-debian-clang | 1.1-4 | 4.49 | 40.56 | 45.05 | NOTE | |
r-devel-linux-x86_64-debian-gcc | 1.1-4 | 4.34 | 30.21 | 34.55 | NOTE | |
r-devel-linux-x86_64-fedora-clang | 1.1-4 | 56.64 | NOTE | |||
r-devel-linux-x86_64-fedora-gcc | 1.1-4 | 54.87 | NOTE | |||
r-devel-windows-x86_64 | 1.1-4 | 6.00 | 51.00 | 57.00 | NOTE | |
r-patched-linux-x86_64 | 1.1-4 | 5.64 | 39.32 | 44.96 | NOTE | |
r-release-linux-x86_64 | 1.1-4 | 4.13 | 39.06 | 43.19 | NOTE | |
r-release-macos-arm64 | 1.1-4 | 23.00 | NOTE | |||
r-release-macos-x86_64 | 1.1-4 | 30.00 | NOTE | |||
r-release-windows-x86_64 | 1.1-4 | 7.00 | 53.00 | 60.00 | NOTE | |
r-oldrel-macos-arm64 | 1.1-4 | 19.00 | NOTE | |||
r-oldrel-windows-x86_64 | 1.1-4 | 9.00 | 56.00 | 65.00 | NOTE |
Version: 1.1-4
Check: package dependencies
Result: NOTE
Package which this enhances but not available for checking: ‘rkward’
Flavors: r-devel-linux-x86_64-debian-clang, r-devel-linux-x86_64-debian-gcc, r-devel-linux-x86_64-fedora-clang, r-devel-linux-x86_64-fedora-gcc, r-devel-windows-x86_64, r-patched-linux-x86_64, r-release-linux-x86_64, r-release-macos-arm64, r-release-macos-x86_64, r-release-windows-x86_64, r-oldrel-macos-arm64, r-oldrel-windows-x86_64