Last updated on 2024-04-19 11:56:41 CEST.
Flavor | Version | Tinstall | Tcheck | Ttotal | Status | Flags |
---|---|---|---|---|---|---|
r-devel-linux-x86_64-debian-clang | 1.1.0 | 3.42 | 123.07 | 126.49 | NOTE | |
r-devel-linux-x86_64-debian-gcc | 1.1.0 | NOTE | ||||
r-devel-linux-x86_64-fedora-clang | 1.1.0 | 156.58 | NOTE | |||
r-devel-linux-x86_64-fedora-gcc | 1.1.0 | 165.47 | NOTE | |||
r-prerel-macos-arm64 | 1.1.0 | 54.00 | NOTE | |||
r-prerel-windows-x86_64 | 1.1.0 | 5.00 | 109.00 | 114.00 | NOTE | |
r-patched-linux-x86_64 | 1.1.0 | 3.10 | 118.15 | 121.25 | NOTE | |
r-release-linux-x86_64 | 1.1.0 | 2.13 | 113.35 | 115.48 | NOTE | |
r-release-macos-arm64 | 1.1.0 | 58.00 | NOTE | |||
r-release-macos-x86_64 | 1.1.0 | 94.00 | NOTE | |||
r-release-windows-x86_64 | 1.1.0 | 6.00 | 118.00 | 124.00 | NOTE | |
r-oldrel-macos-arm64 | 1.1.0 | 60.00 | NOTE | |||
r-oldrel-windows-x86_64 | 1.1.0 | 6.00 | 116.00 | 122.00 | NOTE |
Version: 1.1.0
Check: LazyData
Result: NOTE
'LazyData' is specified without a 'data' directory
Flavors: r-devel-linux-x86_64-debian-clang, r-devel-linux-x86_64-debian-gcc, r-devel-linux-x86_64-fedora-clang, r-devel-linux-x86_64-fedora-gcc, r-prerel-macos-arm64, r-prerel-windows-x86_64, r-patched-linux-x86_64, r-release-linux-x86_64, r-release-macos-arm64, r-release-macos-x86_64, r-release-windows-x86_64, r-oldrel-macos-arm64, r-oldrel-windows-x86_64
Version: 1.1.0
Check: dependencies in R code
Result: NOTE
Namespaces in Imports field not imported from:
‘Matrix’ ‘nnet’
All declared Imports should be used.
Flavors: r-devel-linux-x86_64-fedora-clang, r-devel-linux-x86_64-fedora-gcc, r-oldrel-macos-arm64