Last updated on 2022-06-30 11:53:04 CEST.
Flavor | Version | Tinstall | Tcheck | Ttotal | Status | Flags |
---|---|---|---|---|---|---|
r-devel-linux-x86_64-debian-clang | 1.1.0 | 3.21 | 127.17 | 130.38 | NOTE | |
r-devel-linux-x86_64-debian-gcc | 1.1.0 | 2.79 | 92.74 | 95.53 | NOTE | |
r-devel-linux-x86_64-fedora-clang | 1.1.0 | 161.51 | NOTE | |||
r-devel-linux-x86_64-fedora-gcc | 1.1.0 | 158.78 | NOTE | |||
r-devel-windows-x86_64 | 1.1.0 | 26.00 | 169.00 | 195.00 | NOTE | |
r-patched-linux-x86_64 | 1.1.0 | 2.17 | 114.08 | 116.25 | NOTE | |
r-release-linux-x86_64 | 1.1.0 | 2.62 | 115.90 | 118.52 | NOTE | |
r-release-macos-arm64 | 1.1.0 | 60.00 | NOTE | |||
r-release-macos-x86_64 | 1.1.0 | 83.00 | NOTE | |||
r-release-windows-x86_64 | 1.1.0 | 17.00 | 162.00 | 179.00 | NOTE | |
r-oldrel-macos-arm64 | 1.1.0 | 61.00 | NOTE | |||
r-oldrel-macos-x86_64 | 1.1.0 | 69.00 | NOTE | |||
r-oldrel-windows-ix86+x86_64 | 1.1.0 | 9.00 | 136.00 | 145.00 | NOTE |
Version: 1.1.0
Check: LazyData
Result: NOTE
'LazyData' is specified without a 'data' directory
Flavors: r-devel-linux-x86_64-debian-clang, r-devel-linux-x86_64-debian-gcc, r-devel-linux-x86_64-fedora-clang, r-devel-linux-x86_64-fedora-gcc, r-devel-windows-x86_64, r-patched-linux-x86_64, r-release-linux-x86_64, r-release-macos-arm64, r-release-macos-x86_64, r-release-windows-x86_64, r-oldrel-macos-arm64, r-oldrel-macos-x86_64, r-oldrel-windows-ix86+x86_64
Version: 1.1.0
Check: dependencies in R code
Result: NOTE
Namespaces in Imports field not imported from:
‘Matrix’ ‘nnet’
All declared Imports should be used.
Flavors: r-devel-linux-x86_64-fedora-clang, r-devel-linux-x86_64-fedora-gcc, r-release-macos-arm64, r-release-macos-x86_64, r-oldrel-macos-arm64, r-oldrel-macos-x86_64