CRAN Package Check Results for Package cobiclust

Last updated on 2023-01-27 11:49:24 CET.

Flavor Version Tinstall Tcheck Ttotal Status Flags
r-devel-linux-x86_64-debian-clang 0.1.0 2.90 24.66 27.56 NOTE
r-devel-linux-x86_64-debian-gcc 0.1.0 1.88 19.35 21.23 NOTE
r-devel-linux-x86_64-fedora-clang 0.1.0 35.38 NOTE
r-devel-linux-x86_64-fedora-gcc 0.1.0 36.50 NOTE
r-devel-windows-x86_64 0.1.0 19.00 51.00 70.00 NOTE
r-patched-linux-x86_64 0.1.0 2.49 25.93 28.42 NOTE
r-release-linux-x86_64 0.1.0 2.99 25.54 28.53 NOTE
r-release-macos-arm64 0.1.0 17.00 NOTE
r-release-macos-x86_64 0.1.0 23.00 NOTE
r-release-windows-x86_64 0.1.0 18.00 56.00 74.00 NOTE
r-oldrel-macos-arm64 0.1.0 21.00 NOTE
r-oldrel-macos-x86_64 0.1.0 27.00 NOTE
r-oldrel-windows-ix86+x86_64 0.1.0 7.00 46.00 53.00 NOTE

Check Details

Version: 0.1.0
Check: LazyData
Result: NOTE
     'LazyData' is specified without a 'data' directory
Flavors: r-devel-linux-x86_64-debian-clang, r-devel-linux-x86_64-debian-gcc, r-devel-linux-x86_64-fedora-clang, r-devel-linux-x86_64-fedora-gcc, r-devel-windows-x86_64, r-patched-linux-x86_64, r-release-linux-x86_64, r-release-macos-arm64, r-release-macos-x86_64, r-release-windows-x86_64, r-oldrel-macos-arm64, r-oldrel-macos-x86_64, r-oldrel-windows-ix86+x86_64