Last updated on 2023-12-06 11:52:20 CET.
Flavor | Version | Tinstall | Tcheck | Ttotal | Status | Flags |
---|---|---|---|---|---|---|
r-devel-linux-x86_64-debian-clang | 0.1.0 | 2.74 | 24.71 | 27.45 | NOTE | |
r-devel-linux-x86_64-debian-gcc | 0.1.0 | 2.26 | 19.28 | 21.54 | NOTE | |
r-devel-linux-x86_64-fedora-clang | 0.1.0 | 35.08 | NOTE | |||
r-devel-linux-x86_64-fedora-gcc | 0.1.0 | 33.65 | NOTE | |||
r-devel-windows-x86_64 | 0.1.0 | 5.00 | 43.00 | 48.00 | NOTE | |
r-patched-linux-x86_64 | 0.1.0 | 2.38 | 24.22 | 26.60 | NOTE | |
r-release-linux-x86_64 | 0.1.0 | 2.30 | 24.27 | 26.57 | NOTE | |
r-release-macos-arm64 | 0.1.0 | 16.00 | NOTE | |||
r-release-macos-x86_64 | 0.1.0 | 23.00 | NOTE | |||
r-release-windows-x86_64 | 0.1.0 | 5.00 | 43.00 | 48.00 | NOTE | |
r-oldrel-macos-arm64 | 0.1.0 | 16.00 | NOTE | |||
r-oldrel-macos-x86_64 | 0.1.0 | 23.00 | NOTE | |||
r-oldrel-windows-x86_64 | 0.1.0 | 4.00 | 48.00 | 52.00 | NOTE |
Version: 0.1.0
Check: Rd files
Result: NOTE
checkRd: (-1) alpha_calculation.Rd:5: Lost braces; missing escapes or markup?
5 | \title{Calculate the matrix (alpha_{k,g})}
| ^
checkRd: (-1) alpha_calculation.Rd:31: Lost braces; missing escapes or markup?
31 | Calculate the matrix (alpha_{k,g})
| ^
checkRd: (-1) qu_calculation.Rd:5: Lost braces; missing escapes or markup?
5 | \title{Calculate E_q(U_{ijr}) and E_q(log U_{ijr}) when U_ijr follows a Gamma(a,a)}
| ^
checkRd: (-1) qu_calculation.Rd:5: Lost braces; missing escapes or markup?
5 | \title{Calculate E_q(U_{ijr}) and E_q(log U_{ijr}) when U_ijr follows a Gamma(a,a)}
| ^
checkRd: (-1) qu_calculation.Rd:35: Lost braces; missing escapes or markup?
35 | Calculate E_q(U_{ijr}) and E_q(log U_{ijr}) when U_ijr follows a Gamma(a,a)
| ^
checkRd: (-1) qu_calculation.Rd:35: Lost braces; missing escapes or markup?
35 | Calculate E_q(U_{ijr}) and E_q(log U_{ijr}) when U_ijr follows a Gamma(a,a)
| ^
checkRd: (-1) qukg_calculation.Rd:5: Lost braces; missing escapes or markup?
5 | \title{Calculate E_q(U_{ijr}) and E_q(log U_{ijr}) when U_ijr follows a Gamma(a_{k,g},a_{k,g})}
| ^
checkRd: (-1) qukg_calculation.Rd:5: Lost braces; missing escapes or markup?
5 | \title{Calculate E_q(U_{ijr}) and E_q(log U_{ijr}) when U_ijr follows a Gamma(a_{k,g},a_{k,g})}
| ^
checkRd: (-1) qukg_calculation.Rd:5: Lost braces; missing escapes or markup?
5 | \title{Calculate E_q(U_{ijr}) and E_q(log U_{ijr}) when U_ijr follows a Gamma(a_{k,g},a_{k,g})}
| ^
checkRd: (-1) qukg_calculation.Rd:5: Lost braces; missing escapes or markup?
5 | \title{Calculate E_q(U_{ijr}) and E_q(log U_{ijr}) when U_ijr follows a Gamma(a_{k,g},a_{k,g})}
| ^
checkRd: (-1) qukg_calculation.Rd:35: Lost braces; missing escapes or markup?
35 | Calculate E_q(U_{ijr}) and E_q(log U_{ijr}) when U_ijr follows a Gamma(a_{k,g},a_{k,g})
| ^
checkRd: (-1) qukg_calculation.Rd:35: Lost braces; missing escapes or markup?
35 | Calculate E_q(U_{ijr}) and E_q(log U_{ijr}) when U_ijr follows a Gamma(a_{k,g},a_{k,g})
| ^
checkRd: (-1) qukg_calculation.Rd:35: Lost braces; missing escapes or markup?
35 | Calculate E_q(U_{ijr}) and E_q(log U_{ijr}) when U_ijr follows a Gamma(a_{k,g},a_{k,g})
| ^
checkRd: (-1) qukg_calculation.Rd:35: Lost braces; missing escapes or markup?
35 | Calculate E_q(U_{ijr}) and E_q(log U_{ijr}) when U_ijr follows a Gamma(a_{k,g},a_{k,g})
| ^
Flavors: r-devel-linux-x86_64-debian-clang, r-devel-linux-x86_64-debian-gcc
Version: 0.1.0
Check: Rd \usage sections
Result: NOTE
Documented arguments not in \usage in Rd file 'lb_calculation.Rd':
‘qu.param’
Functions with \usage entries need to have the appropriate \alias
entries, and all their arguments documented.
The \usage entries must correspond to syntactically valid R code.
See chapter ‘Writing R documentation files’ in the ‘Writing R
Extensions’ manual.
Flavors: r-devel-linux-x86_64-debian-clang, r-devel-linux-x86_64-debian-gcc, r-devel-linux-x86_64-fedora-clang, r-devel-linux-x86_64-fedora-gcc, r-devel-windows-x86_64
Version: 0.1.0
Check: LazyData
Result: NOTE
'LazyData' is specified without a 'data' directory
Flavors: r-devel-linux-x86_64-debian-clang, r-devel-linux-x86_64-debian-gcc, r-devel-linux-x86_64-fedora-clang, r-devel-linux-x86_64-fedora-gcc, r-devel-windows-x86_64, r-patched-linux-x86_64, r-release-linux-x86_64, r-release-macos-arm64, r-release-macos-x86_64, r-release-windows-x86_64, r-oldrel-macos-arm64, r-oldrel-macos-x86_64, r-oldrel-windows-x86_64