CRAN Package Check Results for Package coalitions

Last updated on 2022-07-03 11:53:34 CEST.

Flavor Version Tinstall Tcheck Ttotal Status Flags
r-devel-linux-x86_64-debian-clang 0.6.23 9.16 93.84 103.00 OK
r-devel-linux-x86_64-debian-gcc 0.6.23 7.38 68.16 75.54 OK
r-devel-linux-x86_64-fedora-clang 0.6.23 131.12 WARN
r-devel-linux-x86_64-fedora-gcc 0.6.23 129.13 WARN
r-devel-windows-x86_64 0.6.23 34.00 112.00 146.00 OK
r-patched-linux-x86_64 0.6.23 9.60 87.62 97.22 OK
r-release-linux-x86_64 0.6.23 8.83 86.19 95.02 OK
r-release-macos-arm64 0.6.23 40.00 OK
r-release-macos-x86_64 0.6.23 58.00 OK
r-release-windows-x86_64 0.6.23 57.00 117.00 174.00 OK
r-oldrel-macos-arm64 0.6.23 36.00 OK
r-oldrel-macos-x86_64 0.6.23 56.00 OK
r-oldrel-windows-ix86+x86_64 0.6.23 22.00 110.00 132.00 OK

Check Details

Version: 0.6.23
Check: package dependencies
Result: WARN
    Requires orphaned package: ‘gtools’
Flavors: r-devel-linux-x86_64-fedora-clang, r-devel-linux-x86_64-fedora-gcc