CRAN Package Check Results for Package cmtest

Last updated on 2024-02-23 11:53:19 CET.

Flavor Version Tinstall Tcheck Ttotal Status Flags
r-devel-linux-x86_64-debian-clang 0.1-2 NOTE
r-devel-linux-x86_64-debian-gcc 0.1-2 2.17 25.63 27.80 NOTE
r-devel-linux-x86_64-fedora-clang 0.1-2 47.83 NOTE
r-devel-linux-x86_64-fedora-gcc 0.1-2 58.09 NOTE
r-devel-windows-x86_64 0.1-2 3.00 47.00 50.00 NOTE
r-patched-linux-x86_64 0.1-2 2.62 32.02 34.64 NOTE
r-release-linux-x86_64 0.1-2 2.73 31.60 34.33 NOTE
r-release-macos-arm64 0.1-2 28.00 NOTE
r-release-macos-x86_64 0.1-2 37.00 NOTE
r-release-windows-x86_64 0.1-2 4.00 49.00 53.00 NOTE
r-oldrel-macos-arm64 0.1-2 20.00 OK
r-oldrel-windows-x86_64 0.1-2 4.00 54.00 58.00 NOTE

Check Details

Version: 0.1-2
Check: package dependencies
Result: NOTE Package suggested but not available for checking: ‘tobit1’ Flavors: r-devel-linux-x86_64-debian-clang, r-devel-linux-x86_64-debian-gcc, r-devel-linux-x86_64-fedora-clang, r-devel-linux-x86_64-fedora-gcc, r-devel-windows-x86_64, r-patched-linux-x86_64, r-release-linux-x86_64, r-release-macos-arm64, r-release-macos-x86_64, r-release-windows-x86_64, r-oldrel-windows-x86_64