Last updated on 2023-01-27 11:49:24 CET.
Flavor | Version | Tinstall | Tcheck | Ttotal | Status | Flags |
---|---|---|---|---|---|---|
r-devel-linux-x86_64-debian-clang | 0.1-2 | 3.05 | 31.71 | 34.76 | NOTE | |
r-devel-linux-x86_64-debian-gcc | 0.1-2 | 2.28 | 24.67 | 26.95 | NOTE | |
r-devel-linux-x86_64-fedora-clang | 0.1-2 | 45.80 | NOTE | |||
r-devel-linux-x86_64-fedora-gcc | 0.1-2 | 54.48 | NOTE | |||
r-devel-windows-x86_64 | 0.1-2 | 12.00 | 59.00 | 71.00 | OK | |
r-patched-linux-x86_64 | 0.1-2 | 2.64 | 32.04 | 34.68 | NOTE | |
r-release-linux-x86_64 | 0.1-2 | 2.54 | 32.95 | 35.49 | NOTE | |
r-release-macos-arm64 | 0.1-2 | 18.00 | OK | |||
r-release-macos-x86_64 | 0.1-2 | 29.00 | OK | |||
r-release-windows-x86_64 | 0.1-2 | 11.00 | 65.00 | 76.00 | OK | |
r-oldrel-macos-arm64 | 0.1-2 | 16.00 | OK | |||
r-oldrel-macos-x86_64 | 0.1-2 | 24.00 | OK | |||
r-oldrel-windows-ix86+x86_64 | 0.1-2 | 6.00 | 60.00 | 66.00 | OK |
Version: 0.1-2
Check: package dependencies
Result: NOTE
Package suggested but not available for checking: ‘tobit1’
Flavors: r-devel-linux-x86_64-debian-clang, r-devel-linux-x86_64-debian-gcc, r-devel-linux-x86_64-fedora-clang, r-devel-linux-x86_64-fedora-gcc, r-patched-linux-x86_64, r-release-linux-x86_64