Last updated on 2024-08-16 12:49:05 CEST.
Flavor | Version | Tinstall | Tcheck | Ttotal | Status | Flags |
---|---|---|---|---|---|---|
r-devel-linux-x86_64-debian-clang | 2.2-12 | 9.08 | 55.80 | 64.88 | OK | |
r-devel-linux-x86_64-debian-gcc | 2.2-12 | 6.04 | 42.14 | 48.18 | OK | |
r-devel-linux-x86_64-fedora-clang | 2.2-12 | 101.70 | NOTE | |||
r-devel-linux-x86_64-fedora-gcc | 2.2-12 | 95.63 | NOTE | |||
r-devel-windows-x86_64 | 2.2-12 | 11.00 | 70.00 | 81.00 | OK | |
r-patched-linux-x86_64 | 2.2-12 | 7.01 | 51.74 | 58.75 | OK | |
r-release-linux-x86_64 | 2.2-12 | 8.78 | 52.60 | 61.38 | OK | |
r-release-macos-arm64 | 2.2-12 | 35.00 | OK | |||
r-release-macos-x86_64 | 2.2-12 | 47.00 | OK | |||
r-release-windows-x86_64 | 2.2-12 | 12.00 | 70.00 | 82.00 | OK | |
r-oldrel-macos-arm64 | 2.2-12 | 53.00 | OK | |||
r-oldrel-macos-x86_64 | 2.2-12 | 132.00 | OK | |||
r-oldrel-windows-x86_64 | 2.2-12 | 15.00 | 81.00 | 96.00 | OK |
Version: 2.2-12
Check: compiled code
Result: NOTE
File ‘cmprsk/libs/cmprsk.so’:
Found no calls to: ‘R_registerRoutines’, ‘R_useDynamicSymbols’
It is good practice to register native routines and to disable symbol
search.
See ‘Writing portable packages’ in the ‘Writing R Extensions’ manual.
Flavors: r-devel-linux-x86_64-fedora-clang, r-devel-linux-x86_64-fedora-gcc