Last updated on 2022-06-25 10:53:00 CEST.
Flavor | Version | Tinstall | Tcheck | Ttotal | Status | Flags |
---|---|---|---|---|---|---|
r-devel-linux-x86_64-debian-clang | 2.2-11 | 11.31 | 69.45 | 80.76 | NOTE | |
r-devel-linux-x86_64-debian-gcc | 2.2-11 | 8.35 | 54.10 | 62.45 | NOTE | |
r-devel-linux-x86_64-fedora-clang | 2.2-11 | 105.04 | NOTE | |||
r-devel-linux-x86_64-fedora-gcc | 2.2-11 | 106.32 | NOTE | |||
r-devel-windows-x86_64 | 2.2-11 | 17.00 | 93.00 | 110.00 | NOTE | |
r-patched-linux-x86_64 | 2.2-11 | 9.81 | 66.10 | 75.91 | OK | |
r-release-linux-x86_64 | 2.2-11 | 10.38 | 67.54 | 77.92 | OK | |
r-release-macos-arm64 | 2.2-11 | 34.00 | OK | |||
r-release-macos-x86_64 | 2.2-11 | 46.00 | OK | |||
r-release-windows-x86_64 | 2.2-11 | 18.00 | 91.00 | 109.00 | OK | |
r-oldrel-macos-arm64 | 2.2-11 | 32.00 | OK | |||
r-oldrel-macos-x86_64 | 2.2-11 | 51.00 | OK | |||
r-oldrel-windows-ix86+x86_64 | 2.2-11 | 23.00 | 112.00 | 135.00 | OK |
Version: 2.2-11
Check: Rd files
Result: NOTE
checkRd: (-1) plot.predict.crr.Rd:18: Escaped LaTeX specials: \#
checkRd: (-1) plot.predict.crr.Rd:22: Escaped LaTeX specials: \#
Flavors: r-devel-linux-x86_64-debian-clang, r-devel-linux-x86_64-debian-gcc, r-devel-linux-x86_64-fedora-clang, r-devel-linux-x86_64-fedora-gcc, r-devel-windows-x86_64
Version: 2.2-11
Check: compiled code
Result: NOTE
File ‘cmprsk/libs/cmprsk.so’:
Found no calls to: ‘R_registerRoutines’, ‘R_useDynamicSymbols’
It is good practice to register native routines and to disable symbol
search.
See ‘Writing portable packages’ in the ‘Writing R Extensions’ manual.
Flavors: r-devel-linux-x86_64-fedora-clang, r-devel-linux-x86_64-fedora-gcc