Last updated on 2023-02-06 11:04:31 CET.
Flavor | Version | Tinstall | Tcheck | Ttotal | Status | Flags |
---|---|---|---|---|---|---|
r-devel-linux-x86_64-debian-clang | 0.2.4 | 6.17 | 83.07 | 89.24 | OK | |
r-devel-linux-x86_64-debian-gcc | 0.2.4 | 4.20 | 60.68 | 64.88 | OK | |
r-devel-linux-x86_64-fedora-clang | 0.2.4 | 113.95 | NOTE | |||
r-devel-linux-x86_64-fedora-gcc | 0.2.4 | 114.53 | NOTE | |||
r-devel-windows-x86_64 | 0.2.4 | 18.00 | 125.00 | 143.00 | OK | |
r-patched-linux-x86_64 | 0.2.4 | 6.64 | 89.50 | 96.14 | OK | |
r-release-linux-x86_64 | 0.2.4 | 5.38 | 78.41 | 83.79 | OK | |
r-release-macos-arm64 | 0.2.4 | 54.00 | OK | |||
r-release-macos-x86_64 | 0.2.4 | 69.00 | OK | |||
r-release-windows-x86_64 | 0.2.4 | 27.00 | 144.00 | 171.00 | OK | |
r-oldrel-macos-arm64 | 0.2.4 | 56.00 | OK | |||
r-oldrel-macos-x86_64 | 0.2.4 | 72.00 | OK | |||
r-oldrel-windows-ix86+x86_64 | 0.2.4 | 14.00 | 123.00 | 137.00 | OK |
Version: 0.2.4
Check: data for non-ASCII characters
Result: NOTE
Note: found 4622 marked UTF-8 strings
Flavors: r-devel-linux-x86_64-fedora-clang, r-devel-linux-x86_64-fedora-gcc