Last updated on 2022-06-29 11:52:06 CEST.
Flavor | Version | Tinstall | Tcheck | Ttotal | Status | Flags |
---|---|---|---|---|---|---|
r-devel-linux-x86_64-debian-clang | 0.1.2 | 47.42 | 71.70 | 119.12 | OK | |
r-devel-linux-x86_64-debian-gcc | 0.1.2 | 34.49 | 54.77 | 89.26 | OK | |
r-devel-linux-x86_64-fedora-clang | 0.1.2 | 161.95 | NOTE | |||
r-devel-linux-x86_64-fedora-gcc | 0.1.2 | 152.23 | NOTE | |||
r-devel-windows-x86_64 | 0.1.2 | 39.00 | 110.00 | 149.00 | OK | |
r-patched-linux-x86_64 | 0.1.2 | 36.28 | 70.59 | 106.87 | OK | |
r-release-linux-x86_64 | 0.1.2 | 38.56 | 68.58 | 107.14 | OK | |
r-release-macos-arm64 | 0.1.2 | 41.00 | NOTE | |||
r-release-macos-x86_64 | 0.1.2 | 60.00 | NOTE | |||
r-release-windows-x86_64 | 0.1.2 | 40.00 | 112.00 | 152.00 | OK | |
r-oldrel-macos-arm64 | 0.1.2 | 38.00 | NOTE | |||
r-oldrel-macos-x86_64 | 0.1.2 | 57.00 | NOTE | |||
r-oldrel-windows-ix86+x86_64 | 0.1.2 | 107.00 | 124.00 | 231.00 | OK |
Version: 0.1.2
Check: dependencies in R code
Result: NOTE
Namespace in Imports field not imported from: ‘MASS’
All declared Imports should be used.
Flavors: r-devel-linux-x86_64-fedora-clang, r-devel-linux-x86_64-fedora-gcc, r-release-macos-arm64, r-release-macos-x86_64, r-oldrel-macos-arm64, r-oldrel-macos-x86_64