Last updated on 2025-04-29 12:52:32 CEST.
Flavor | Version | Tinstall | Tcheck | Ttotal | Status | Flags |
---|---|---|---|---|---|---|
r-devel-linux-x86_64-debian-clang | 0.1.0 | 3.09 | 28.41 | 31.50 | NOTE | |
r-devel-linux-x86_64-debian-gcc | 0.1.0 | 2.08 | 20.19 | 22.27 | NOTE | |
r-devel-linux-x86_64-fedora-clang | 0.1.0 | 48.55 | NOTE | |||
r-devel-linux-x86_64-fedora-gcc | 0.1.0 | 46.47 | NOTE | |||
r-devel-windows-x86_64 | 0.1.0 | 3.00 | 48.00 | 51.00 | NOTE | |
r-patched-linux-x86_64 | 0.1.0 | 3.04 | 26.48 | 29.52 | NOTE | |
r-release-linux-x86_64 | 0.1.0 | 2.90 | 26.25 | 29.15 | NOTE | |
r-release-macos-arm64 | 0.1.0 | 17.00 | NOTE | |||
r-release-macos-x86_64 | 0.1.0 | 47.00 | NOTE | |||
r-release-windows-x86_64 | 0.1.0 | 4.00 | 50.00 | 54.00 | NOTE | |
r-oldrel-macos-arm64 | 0.1.0 | 23.00 | NOTE | |||
r-oldrel-macos-x86_64 | 0.1.0 | 41.00 | NOTE | |||
r-oldrel-windows-x86_64 | 0.1.0 | 3.00 | 47.00 | 50.00 | NOTE |
Version: 0.1.0
Check: CRAN incoming feasibility
Result: NOTE
Maintainer: ‘Matthew T. Pratola <mpratola@stat.osu.edu>’
No Authors@R field in DESCRIPTION.
Please add one, modifying
Authors@R: person(given = c("Matthew", "T."),
family = "Pratola",
role = c("aut", "cre", "cph"),
email = "mpratola@stat.osu.edu")
as necessary.
Flavors: r-devel-linux-x86_64-debian-clang, r-devel-linux-x86_64-debian-gcc
Version: 0.1.0
Check: Rd files
Result: NOTE
checkRd: (-1) gp.realize.Rd:20: Lost braces; missing escapes or markup?
20 | The list \code{l.v} is created by \code{makedistlist()} from a {n x p} design matrix on which to generate the unconditional GP realization. The correlation parameters take on values in \code{(0,1)} and use the Gaussian correlation model, calculated as \code{rho^d(xi,xj)^2}. This helper function is used to create the demonstration data used in the example for \code{calibrate()}.
| ^
Flavors: r-devel-linux-x86_64-debian-clang, r-devel-linux-x86_64-debian-gcc, r-devel-linux-x86_64-fedora-clang, r-devel-linux-x86_64-fedora-gcc, r-devel-windows-x86_64, r-patched-linux-x86_64, r-release-linux-x86_64, r-release-macos-arm64, r-release-macos-x86_64, r-release-windows-x86_64, r-oldrel-macos-arm64, r-oldrel-macos-x86_64, r-oldrel-windows-x86_64
Version: 0.1.0
Check: examples
Result: NOTE
Examples with CPU (user + system) or elapsed time > 5s
user system elapsed
calibrate 6.049 0.071 8.329
Flavor: r-devel-linux-x86_64-debian-clang
Version: 0.1.0
Check: LazyData
Result: NOTE
'LazyData' is specified without a 'data' directory
Flavors: r-oldrel-macos-arm64, r-oldrel-macos-x86_64, r-oldrel-windows-x86_64