Last updated on 2024-08-31 11:49:24 CEST.
Flavor | Version | Tinstall | Tcheck | Ttotal | Status | Flags |
---|---|---|---|---|---|---|
r-devel-linux-x86_64-debian-clang | 0.0.1 | 9.24 | 25.47 | 34.71 | NOTE | |
r-devel-linux-x86_64-debian-gcc | 0.0.1 | 6.52 | 19.54 | 26.06 | NOTE | |
r-devel-linux-x86_64-fedora-clang | 0.0.1 | 53.98 | NOTE | |||
r-devel-linux-x86_64-fedora-gcc | 0.0.1 | 54.45 | NOTE | |||
r-devel-windows-x86_64 | 0.0.1 | 16.00 | 49.00 | 65.00 | NOTE | |
r-patched-linux-x86_64 | 0.0.1 | 8.35 | 24.38 | 32.73 | NOTE | |
r-release-linux-x86_64 | 0.0.1 | 6.99 | 24.49 | 31.48 | NOTE | |
r-release-macos-arm64 | 0.0.1 | 20.00 | NOTE | |||
r-release-macos-x86_64 | 0.0.1 | 43.00 | NOTE | |||
r-release-windows-x86_64 | 0.0.1 | 16.00 | 46.00 | 62.00 | NOTE | |
r-oldrel-macos-arm64 | 0.0.1 | 17.00 | OK | |||
r-oldrel-macos-x86_64 | 0.0.1 | 32.00 | OK | |||
r-oldrel-windows-x86_64 | 0.0.1 | 16.00 | 51.00 | 67.00 | OK |
Version: 0.0.1
Check: Rd files
Result: NOTE
checkRd: (-1) cmb.search.Rd:50: Lost braces; missing escapes or markup?
50 | \item{order}{applied conditioning order {length p}}
| ^
Flavors: r-devel-linux-x86_64-debian-clang, r-devel-linux-x86_64-debian-gcc, r-devel-linux-x86_64-fedora-clang, r-devel-linux-x86_64-fedora-gcc, r-devel-windows-x86_64, r-patched-linux-x86_64, r-release-linux-x86_64, r-release-macos-arm64, r-release-macos-x86_64, r-release-windows-x86_64