Last updated on 2022-06-26 11:52:29 CEST.
Flavor | Version | Tinstall | Tcheck | Ttotal | Status | Flags |
---|---|---|---|---|---|---|
r-devel-linux-x86_64-debian-clang | 0.3-2.2 | 8.14 | 37.81 | 45.95 | OK | |
r-devel-linux-x86_64-debian-gcc | 0.3-2.2 | 5.85 | 28.11 | 33.96 | OK | |
r-devel-linux-x86_64-fedora-clang | 0.3-2.2 | 62.74 | NOTE | |||
r-devel-linux-x86_64-fedora-gcc | 0.3-2.2 | 61.96 | NOTE | |||
r-devel-windows-x86_64 | 0.3-2.2 | 31.00 | 63.00 | 94.00 | OK | |
r-patched-linux-x86_64 | 0.3-2.2 | 6.95 | 34.79 | 41.74 | OK | |
r-release-linux-x86_64 | 0.3-2.2 | 6.17 | 35.31 | 41.48 | OK | |
r-release-macos-arm64 | 0.3-2.2 | 21.00 | OK | |||
r-release-macos-x86_64 | 0.3-2.2 | 29.00 | OK | |||
r-release-windows-x86_64 | 0.3-2.2 | 28.00 | 60.00 | 88.00 | OK | |
r-oldrel-macos-arm64 | 0.3-2.2 | 24.00 | OK | |||
r-oldrel-macos-x86_64 | 0.3-2.2 | 37.00 | OK | |||
r-oldrel-windows-ix86+x86_64 | 0.3-2.2 | 21.00 | 67.00 | 88.00 | OK |
Version: 0.3-2.2
Check: compiled code
Result: NOTE
File ‘clv/libs/clv.so’:
Found no calls to: ‘R_registerRoutines’, ‘R_useDynamicSymbols’
It is good practice to register native routines and to disable symbol
search.
See ‘Writing portable packages’ in the ‘Writing R Extensions’ manual.
Flavors: r-devel-linux-x86_64-fedora-clang, r-devel-linux-x86_64-fedora-gcc