CRAN Package Check Results for Package clustringr

Last updated on 2022-07-02 12:53:00 CEST.

Flavor Version Tinstall Tcheck Ttotal Status Flags
r-devel-linux-x86_64-debian-clang 1.0 8.93 72.66 81.59 OK
r-devel-linux-x86_64-debian-gcc 1.0 6.67 54.03 60.70 OK
r-devel-linux-x86_64-fedora-clang 1.0 105.27 NOTE
r-devel-linux-x86_64-fedora-gcc 1.0 101.25 NOTE
r-devel-windows-x86_64 1.0 25.00 89.00 114.00 OK
r-patched-linux-x86_64 1.0 4.58 68.11 72.69 OK
r-release-linux-x86_64 1.0 4.98 67.49 72.47 OK
r-release-macos-arm64 1.0 32.00 NOTE
r-release-macos-x86_64 1.0 54.00 NOTE
r-release-windows-x86_64 1.0 21.00 93.00 114.00 OK
r-oldrel-macos-arm64 1.0 39.00 NOTE
r-oldrel-macos-x86_64 1.0 52.00 NOTE
r-oldrel-windows-ix86+x86_64 1.0 20.00 88.00 108.00 OK

Check Details

Version: 1.0
Check: dependencies in R code
Result: NOTE
    Namespace in Imports field not imported from: ‘stringi’
     All declared Imports should be used.
Flavors: r-devel-linux-x86_64-fedora-clang, r-devel-linux-x86_64-fedora-gcc, r-release-macos-arm64, r-release-macos-x86_64, r-oldrel-macos-arm64, r-oldrel-macos-x86_64

Version: 1.0
Check: data for non-ASCII characters
Result: NOTE
     Note: found 5626 marked UTF-8 strings
Flavors: r-devel-linux-x86_64-fedora-clang, r-devel-linux-x86_64-fedora-gcc, r-release-macos-arm64, r-release-macos-x86_64, r-oldrel-macos-arm64, r-oldrel-macos-x86_64