Last updated on 2022-06-24 11:52:04 CEST.
Flavor | Version | Tinstall | Tcheck | Ttotal | Status | Flags |
---|---|---|---|---|---|---|
r-devel-linux-x86_64-debian-clang | 0.1.1 | 4.57 | 681.97 | 686.54 | NOTE | |
r-devel-linux-x86_64-debian-gcc | 0.1.1 | 2.25 | 470.88 | 473.13 | NOTE | |
r-devel-linux-x86_64-fedora-clang | 0.1.1 | 988.66 | NOTE | |||
r-devel-linux-x86_64-fedora-gcc | 0.1.1 | 961.23 | NOTE | |||
r-devel-windows-x86_64 | 0.1.1 | 39.00 | 44.00 | 83.00 | NOTE | --no-examples --no-tests --no-vignettes |
r-patched-linux-x86_64 | 0.1.1 | 3.51 | 767.15 | 770.66 | NOTE | |
r-release-linux-x86_64 | 0.1.1 | 4.00 | 604.61 | 608.61 | NOTE | |
r-release-macos-arm64 | 0.1.1 | 136.00 | NOTE | |||
r-release-macos-x86_64 | 0.1.1 | 229.00 | NOTE | |||
r-release-windows-x86_64 | 0.1.1 | 35.00 | 46.00 | 81.00 | NOTE | --no-examples --no-tests --no-vignettes |
r-oldrel-macos-arm64 | 0.1.1 | 179.00 | NOTE | |||
r-oldrel-macos-x86_64 | 0.1.1 | 418.00 | NOTE | |||
r-oldrel-windows-ix86+x86_64 | 0.1.1 | 8.00 | 43.00 | 51.00 | NOTE | --no-examples --no-tests --no-vignettes |
Version: 0.1.1
Check: LazyData
Result: NOTE
'LazyData' is specified without a 'data' directory
Flavors: r-devel-linux-x86_64-debian-clang, r-devel-linux-x86_64-debian-gcc, r-devel-linux-x86_64-fedora-clang, r-devel-linux-x86_64-fedora-gcc, r-patched-linux-x86_64, r-release-linux-x86_64, r-release-macos-arm64, r-release-macos-x86_64, r-oldrel-macos-arm64, r-oldrel-macos-x86_64
Version: 0.1.1
Flags: --no-examples --no-tests --no-vignettes
Check: LazyData
Result: NOTE
'LazyData' is specified without a 'data' directory
Flavors: r-devel-windows-x86_64, r-release-windows-x86_64, r-oldrel-windows-ix86+x86_64