Last updated on 2024-04-19 11:56:41 CEST.
Flavor | Version | Tinstall | Tcheck | Ttotal | Status | Flags |
---|---|---|---|---|---|---|
r-devel-linux-x86_64-debian-clang | 0.9.4 | 93.45 | 92.34 | 185.79 | OK | |
r-devel-linux-x86_64-debian-gcc | 0.9.4 | OK | ||||
r-devel-linux-x86_64-fedora-clang | 0.9.4 | 255.13 | NOTE | |||
r-devel-linux-x86_64-fedora-gcc | 0.9.4 | 255.68 | NOTE | |||
r-prerel-macos-arm64 | 0.9.4 | 100.00 | NOTE | |||
r-prerel-macos-x86_64 | 0.9.4 | 160.00 | NOTE | |||
r-prerel-windows-x86_64 | 0.9.4 | 72.00 | 109.00 | 181.00 | OK | |
r-patched-linux-x86_64 | 0.9.4 | 89.38 | 87.70 | 177.08 | OK | |
r-release-linux-x86_64 | 0.9.4 | 85.08 | 86.02 | 171.10 | OK | |
r-release-macos-arm64 | 0.9.4 | 109.00 | NOTE | |||
r-release-macos-x86_64 | 0.9.4 | 151.00 | NOTE | |||
r-release-windows-x86_64 | 0.9.4 | 87.00 | 125.00 | 212.00 | OK | |
r-oldrel-macos-arm64 | 0.9.4 | 98.00 | NOTE | |||
r-oldrel-windows-x86_64 | 0.9.4 | 81.00 | 119.00 | 200.00 | OK |
Version: 0.9.4
Check: dependencies in R code
Result: NOTE
Namespace in Imports field not imported from: ‘R6’
All declared Imports should be used.
Flavors: r-devel-linux-x86_64-fedora-clang, r-devel-linux-x86_64-fedora-gcc
Version: 0.9.4
Check: installed package size
Result: NOTE
installed size is 16.6Mb
sub-directories of 1Mb or more:
libs 16.0Mb
Flavors: r-prerel-macos-arm64, r-prerel-macos-x86_64, r-release-macos-arm64, r-release-macos-x86_64, r-oldrel-macos-arm64