Last updated on 2025-04-29 12:52:32 CEST.
Flavor | Version | Tinstall | Tcheck | Ttotal | Status | Flags |
---|---|---|---|---|---|---|
r-devel-linux-x86_64-debian-clang | 1.1 | 4.68 | 17.14 | 21.82 | OK | |
r-devel-linux-x86_64-debian-gcc | 1.1 | 3.54 | 14.37 | 17.91 | OK | |
r-devel-linux-x86_64-fedora-clang | 1.1 | 37.92 | NOTE | |||
r-devel-linux-x86_64-fedora-gcc | 1.1 | 33.39 | NOTE | |||
r-devel-windows-x86_64 | 1.1 | 7.00 | 41.00 | 48.00 | OK | |
r-patched-linux-x86_64 | 1.1 | 4.42 | 16.80 | 21.22 | OK | |
r-release-linux-x86_64 | 1.1 | 4.43 | 16.54 | 20.97 | OK | |
r-release-macos-arm64 | 1.1 | 15.00 | OK | |||
r-release-macos-x86_64 | 1.1 | 23.00 | OK | |||
r-release-windows-x86_64 | 1.1 | 7.00 | 43.00 | 50.00 | OK | |
r-oldrel-macos-arm64 | 1.1 | 20.00 | OK | |||
r-oldrel-macos-x86_64 | 1.1 | 22.00 | OK | |||
r-oldrel-windows-x86_64 | 1.1 | 6.00 | 39.00 | 45.00 | OK |
Version: 1.1
Check: compiled code
Result: NOTE
File ‘clustering.sc.dp/libs/clustering.sc.dp.so’:
Found no calls to: ‘R_registerRoutines’, ‘R_useDynamicSymbols’
It is good practice to register native routines and to disable symbol
search.
See ‘Writing portable packages’ in the ‘Writing R Extensions’ manual.
Flavors: r-devel-linux-x86_64-fedora-clang, r-devel-linux-x86_64-fedora-gcc