CRAN Package Check Results for Package clustering.sc.dp

Last updated on 2025-02-21 10:51:33 CET.

Flavor Version Tinstall Tcheck Ttotal Status Flags
r-devel-linux-x86_64-debian-clang 1.1 4.55 16.66 21.21 OK
r-devel-linux-x86_64-debian-gcc 1.1 3.64 13.59 17.23 OK
r-devel-linux-x86_64-fedora-clang 1.1 38.41 NOTE
r-devel-linux-x86_64-fedora-gcc 1.1 35.49 NOTE
r-devel-macos-arm64 1.1 16.00 OK
r-devel-macos-x86_64 1.1 25.00 OK
r-devel-windows-x86_64 1.1 7.00 41.00 48.00 OK
r-patched-linux-x86_64 1.1 4.80 16.01 20.81 OK
r-release-linux-x86_64 1.1 4.72 16.05 20.77 OK
r-release-macos-arm64 1.1 20.00 OK
r-release-macos-x86_64 1.1 22.00 OK
r-release-windows-x86_64 1.1 6.00 39.00 45.00 OK
r-oldrel-macos-arm64 1.1 16.00 OK
r-oldrel-macos-x86_64 1.1 20.00 OK
r-oldrel-windows-x86_64 1.1 8.00 55.00 63.00 OK

Check Details

Version: 1.1
Check: compiled code
Result: NOTE File ‘clustering.sc.dp/libs/clustering.sc.dp.so’: Found no calls to: ‘R_registerRoutines’, ‘R_useDynamicSymbols’ It is good practice to register native routines and to disable symbol search. See ‘Writing portable packages’ in the ‘Writing R Extensions’ manual. Flavors: r-devel-linux-x86_64-fedora-clang, r-devel-linux-x86_64-fedora-gcc