CRAN Package Check Results for Package clusterPower

Last updated on 2022-06-28 12:52:20 CEST.

Flavor Version Tinstall Tcheck Ttotal Status Flags
r-devel-linux-x86_64-debian-clang 0.7.0 16.72 92.44 109.16 NOTE
r-devel-linux-x86_64-debian-gcc 0.7.0 13.90 69.88 83.78 NOTE
r-devel-linux-x86_64-fedora-clang 0.7.0 153.42 NOTE
r-devel-linux-x86_64-fedora-gcc 0.7.0 154.01 NOTE
r-devel-windows-x86_64 0.7.0 108.00 134.00 242.00 OK
r-patched-linux-x86_64 0.7.0 16.09 88.48 104.57 NOTE
r-release-linux-x86_64 0.7.0 16.29 88.53 104.82 NOTE
r-release-macos-arm64 0.7.0 38.00 OK
r-release-macos-x86_64 0.7.0 65.00 OK
r-release-windows-x86_64 0.7.0 112.00 125.00 237.00 OK
r-oldrel-macos-arm64 0.7.0 45.00 OK
r-oldrel-macos-x86_64 0.7.0 98.00 OK
r-oldrel-windows-ix86+x86_64 0.7.0 37.00 130.00 167.00 OK

Check Details

Version: 0.7.0
Check: package dependencies
Result: NOTE
    Package suggested but not available for checking: 'CRTSize'
Flavors: r-devel-linux-x86_64-debian-clang, r-devel-linux-x86_64-debian-gcc, r-devel-linux-x86_64-fedora-clang, r-devel-linux-x86_64-fedora-gcc, r-patched-linux-x86_64, r-release-linux-x86_64