Last updated on 2024-03-28 09:51:39 CET.
Flavor | Version | Tinstall | Tcheck | Ttotal | Status | Flags |
---|---|---|---|---|---|---|
r-devel-linux-x86_64-debian-clang | 1.3 | 3.18 | 27.44 | 30.62 | NOTE | |
r-devel-linux-x86_64-debian-gcc | 1.3 | 2.65 | 20.76 | 23.41 | NOTE | |
r-devel-linux-x86_64-fedora-clang | 1.3 | 37.01 | NOTE | |||
r-devel-linux-x86_64-fedora-gcc | 1.3 | 36.74 | NOTE | |||
r-devel-windows-x86_64 | 1.3 | 4.00 | 40.00 | 44.00 | NOTE | |
r-patched-linux-x86_64 | 1.3 | 2.55 | 26.33 | 28.88 | NOTE | |
r-release-linux-x86_64 | 1.3 | 2.97 | 26.14 | 29.11 | NOTE | |
r-release-macos-arm64 | 1.3 | 15.00 | NOTE | |||
r-release-macos-x86_64 | 1.3 | 21.00 | NOTE | |||
r-release-windows-x86_64 | 1.3 | 3.00 | 44.00 | 47.00 | NOTE | |
r-oldrel-macos-arm64 | 1.3 | 15.00 | NOTE | |||
r-oldrel-windows-x86_64 | 1.3 | 7.00 | 47.00 | 54.00 | NOTE |
Version: 1.3
Check: LazyData
Result: NOTE
'LazyData' is specified without a 'data' directory
Flavors: r-devel-linux-x86_64-debian-clang, r-devel-linux-x86_64-debian-gcc, r-devel-linux-x86_64-fedora-clang, r-devel-linux-x86_64-fedora-gcc, r-devel-windows-x86_64, r-patched-linux-x86_64, r-release-linux-x86_64, r-release-macos-arm64, r-release-macos-x86_64, r-release-windows-x86_64, r-oldrel-macos-arm64, r-oldrel-windows-x86_64