Last updated on 2024-04-19 11:56:41 CEST.
Flavor | Version | Tinstall | Tcheck | Ttotal | Status | Flags |
---|---|---|---|---|---|---|
r-devel-linux-x86_64-debian-clang | 0.4.0 | 7.35 | 57.89 | 65.24 | NOTE | |
r-devel-linux-x86_64-debian-gcc | 0.4.0 | NOTE | ||||
r-devel-linux-x86_64-fedora-clang | 0.4.0 | 89.27 | NOTE | |||
r-devel-linux-x86_64-fedora-gcc | 0.4.0 | 87.55 | NOTE | |||
r-prerel-macos-arm64 | 0.4.0 | 28.00 | NOTE | |||
r-prerel-windows-x86_64 | 0.4.0 | 9.00 | 64.00 | 73.00 | NOTE | |
r-patched-linux-x86_64 | 0.4.0 | 7.60 | 56.67 | 64.27 | NOTE | |
r-release-linux-x86_64 | 0.4.0 | 7.11 | 56.87 | 63.98 | OK | |
r-release-macos-arm64 | 0.4.0 | 27.00 | OK | |||
r-release-macos-x86_64 | 0.4.0 | 42.00 | OK | |||
r-release-windows-x86_64 | 0.4.0 | 10.00 | 71.00 | 81.00 | OK | |
r-oldrel-macos-arm64 | 0.4.0 | 22.00 | OK | |||
r-oldrel-windows-x86_64 | 0.4.0 | 12.00 | 75.00 | 87.00 | OK |
Version: 0.4.0
Check: Rd files
Result: NOTE
checkRd: (-1) cb_participant_count.Rd:13: Lost braces
13 | \item{query}{A phenotype query defined using the code{\link{phenotype}} function and logic operators (see example below)}
| ^
checkRd: (-1) phenotype.Rd:10: Lost braces
10 | \item{id}{A single phenotype id. Possible phenotyoes can be explored using the code{\link{cb_search_phenotypes}} function}
| ^
Flavors: r-devel-linux-x86_64-debian-clang, r-devel-linux-x86_64-debian-gcc, r-devel-linux-x86_64-fedora-clang, r-devel-linux-x86_64-fedora-gcc, r-prerel-macos-arm64, r-prerel-windows-x86_64, r-patched-linux-x86_64