Last updated on 2025-04-29 12:52:32 CEST.
Flavor | Version | Tinstall | Tcheck | Ttotal | Status | Flags |
---|---|---|---|---|---|---|
r-devel-linux-x86_64-debian-clang | 0.1.12 | 1.52 | 28.54 | 30.06 | NOTE | |
r-devel-linux-x86_64-debian-gcc | 0.1.12 | 1.38 | 23.44 | 24.82 | NOTE | |
r-devel-linux-x86_64-fedora-clang | 0.1.12 | 47.68 | OK | |||
r-devel-linux-x86_64-fedora-gcc | 0.1.12 | 58.98 | OK | |||
r-devel-windows-x86_64 | 0.1.12 | 3.00 | 81.00 | 84.00 | OK | |
r-patched-linux-x86_64 | 0.1.12 | 1.73 | 27.46 | 29.19 | OK | |
r-release-linux-x86_64 | 0.1.12 | 1.71 | 27.52 | 29.23 | OK | |
r-release-macos-arm64 | 0.1.12 | 26.00 | OK | |||
r-release-macos-x86_64 | 0.1.12 | 49.00 | OK | |||
r-release-windows-x86_64 | 0.1.12 | 3.00 | 87.00 | 90.00 | OK | |
r-oldrel-macos-arm64 | 0.1.12 | 27.00 | OK | |||
r-oldrel-macos-x86_64 | 0.1.12 | 40.00 | OK | |||
r-oldrel-windows-x86_64 | 0.1.12 | 2.00 | 78.00 | 80.00 | OK |
Version: 0.1.12
Check: CRAN incoming feasibility
Result: NOTE
Maintainer: ‘Christian Panse <cp@fgcz.ethz.ch>’
No Authors@R field in DESCRIPTION.
Please add one, modifying
Authors@R: c(person(given = "Christian",
family = "Panse",
role = c("aut", "cre"),
email = "cp@fgcz.ethz.ch"),
person(given = "Ermir",
family = "Qeli",
role = "aut",
email = "ermir.qeli@gmail.com"))
as necessary.
Flavors: r-devel-linux-x86_64-debian-clang, r-devel-linux-x86_64-debian-gcc