Last updated on 2022-06-25 10:53:00 CEST.
Flavor | Version | Tinstall | Tcheck | Ttotal | Status | Flags |
---|---|---|---|---|---|---|
r-devel-linux-x86_64-debian-clang | 1.0.2 | 3.37 | 32.64 | 36.01 | NOTE | |
r-devel-linux-x86_64-debian-gcc | 1.0.2 | 1.88 | 24.35 | 26.23 | NOTE | |
r-devel-linux-x86_64-fedora-clang | 1.0.2 | 54.05 | NOTE | |||
r-devel-linux-x86_64-fedora-gcc | 1.0.2 | 51.89 | NOTE | |||
r-devel-windows-x86_64 | 1.0.2 | 17.00 | 55.00 | 72.00 | NOTE | |
r-patched-linux-x86_64 | 1.0.2 | 2.51 | 30.06 | 32.57 | NOTE | |
r-release-linux-x86_64 | 1.0.2 | 3.06 | 30.16 | 33.22 | NOTE | |
r-release-macos-arm64 | 1.0.2 | 18.00 | NOTE | |||
r-release-macos-x86_64 | 1.0.2 | 24.00 | NOTE | |||
r-release-windows-x86_64 | 1.0.2 | 20.00 | 54.00 | 74.00 | NOTE | |
r-oldrel-macos-arm64 | 1.0.2 | 25.00 | NOTE | |||
r-oldrel-macos-x86_64 | 1.0.2 | 33.00 | NOTE | |||
r-oldrel-windows-ix86+x86_64 | 1.0.2 | 6.00 | 52.00 | 58.00 | NOTE |
Version: 1.0.2
Check: LazyData
Result: NOTE
'LazyData' is specified without a 'data' directory
Flavors: r-devel-linux-x86_64-debian-clang, r-devel-linux-x86_64-debian-gcc, r-devel-linux-x86_64-fedora-clang, r-devel-linux-x86_64-fedora-gcc, r-devel-windows-x86_64, r-patched-linux-x86_64, r-release-linux-x86_64, r-release-macos-arm64, r-release-macos-x86_64, r-release-windows-x86_64, r-oldrel-macos-arm64, r-oldrel-macos-x86_64, r-oldrel-windows-ix86+x86_64