Last updated on 2022-06-29 11:52:06 CEST.
Flavor | Version | Tinstall | Tcheck | Ttotal | Status | Flags |
---|---|---|---|---|---|---|
r-devel-linux-x86_64-debian-clang | 0.1.1 | 8.73 | 113.34 | 122.07 | NOTE | |
r-devel-linux-x86_64-debian-gcc | 0.1.1 | 7.23 | 82.46 | 89.69 | NOTE | |
r-devel-linux-x86_64-fedora-clang | 0.1.1 | 151.23 | NOTE | |||
r-devel-linux-x86_64-fedora-gcc | 0.1.1 | 149.66 | NOTE | |||
r-devel-windows-x86_64 | 0.1.1 | 53.00 | 172.00 | 225.00 | NOTE | |
r-patched-linux-x86_64 | 0.1.1 | 12.22 | 106.47 | 118.69 | OK | |
r-release-linux-x86_64 | 0.1.1 | 6.21 | 105.27 | 111.48 | OK | |
r-release-macos-arm64 | 0.1.1 | 51.00 | NOTE | |||
r-release-macos-x86_64 | 0.1.1 | 81.00 | NOTE | |||
r-release-windows-x86_64 | 0.1.1 | 57.00 | 178.00 | 235.00 | NOTE | |
r-oldrel-macos-arm64 | 0.1.1 | 48.00 | NOTE | |||
r-oldrel-macos-x86_64 | 0.1.1 | 63.00 | NOTE | |||
r-oldrel-windows-ix86+x86_64 | 0.1.1 | 20.00 | 203.00 | 223.00 | NOTE |
Version: 0.1.1
Check: Rd files
Result: NOTE
checkRd: (-1) dataADaMCDISCP01.Rd:48: Escaped LaTeX specials: \&
Flavors: r-devel-linux-x86_64-debian-clang, r-devel-linux-x86_64-debian-gcc, r-devel-linux-x86_64-fedora-clang, r-devel-linux-x86_64-fedora-gcc, r-devel-windows-x86_64
Version: 0.1.1
Check: installed package size
Result: NOTE
installed size is 6.7Mb
sub-directories of 1Mb or more:
doc 5.7Mb
Flavors: r-devel-linux-x86_64-fedora-clang, r-devel-windows-x86_64, r-release-macos-arm64, r-release-macos-x86_64, r-release-windows-x86_64, r-oldrel-macos-arm64, r-oldrel-macos-x86_64, r-oldrel-windows-ix86+x86_64