Last updated on 2024-04-23 10:53:59 CEST.
Flavor | Version | Tinstall | Tcheck | Ttotal | Status | Flags |
---|---|---|---|---|---|---|
r-devel-linux-x86_64-debian-clang | 2.4.1 | 36.61 | 190.22 | 226.83 | OK | |
r-devel-linux-x86_64-debian-gcc | 2.4.1 | 28.64 | 137.56 | 166.20 | OK | |
r-devel-linux-x86_64-fedora-clang | 2.4.1 | 300.86 | OK | |||
r-devel-linux-x86_64-fedora-gcc | 2.4.1 | 298.16 | OK | |||
r-prerel-macos-arm64 | 2.4.1 | 59.00 | OK | |||
r-prerel-windows-x86_64 | 2.4.1 | 21.00 | 151.00 | 172.00 | OK | |
r-patched-linux-x86_64 | 2.4.1 | 31.88 | 186.45 | 218.33 | OK | |
r-release-linux-x86_64 | 2.4.1 | 35.21 | 188.84 | 224.05 | OK | |
r-release-macos-arm64 | 2.4.1 | 56.00 | OK | |||
r-release-macos-x86_64 | 2.4.1 | 115.00 | OK | |||
r-release-windows-x86_64 | 2.4.1 | 32.00 | 185.00 | 217.00 | OK | |
r-oldrel-macos-arm64 | 2.4.1 | 48.00 | OK | |||
r-oldrel-windows-x86_64 | 2.4.1 | 33.00 | 181.00 | 214.00 | NOTE |
Version: 2.4.1
Check: HTML version of manual
Result: NOTE
Found the following problems:
fitEmaxB.Rd:191:38: Warning: nested emphasis <code>
Flavor: r-oldrel-windows-x86_64