Last updated on 2024-05-01 12:14:17 CEST.
Flavor | Version | Tinstall | Tcheck | Ttotal | Status | Flags |
---|---|---|---|---|---|---|
r-devel-linux-x86_64-debian-clang | 3.2-5 | 9.41 | 106.91 | 116.32 | NOTE | |
r-devel-linux-x86_64-debian-gcc | 3.2-5 | 9.90 | 79.09 | 88.99 | NOTE | |
r-devel-linux-x86_64-fedora-clang | 3.2-5 | 149.13 | NOTE | |||
r-devel-linux-x86_64-fedora-gcc | 3.2-5 | 179.71 | NOTE | |||
r-devel-windows-x86_64 | 3.2-5 | 11.00 | 97.00 | 108.00 | NOTE | |
r-patched-linux-x86_64 | 3.2-5 | 13.21 | 102.08 | 115.29 | NOTE | |
r-release-linux-x86_64 | 3.2-5 | 10.86 | 103.36 | 114.22 | NOTE | |
r-release-macos-arm64 | 3.2-5 | 48.00 | NOTE | |||
r-release-windows-x86_64 | 3.2-5 | 13.00 | 99.00 | 112.00 | NOTE | |
r-oldrel-macos-arm64 | 3.2-5 | 51.00 | OK | |||
r-oldrel-macos-x86_64 | 3.2-5 | 83.00 | OK | |||
r-oldrel-windows-x86_64 | 3.2-5 | 15.00 | 113.00 | 128.00 | OK |
Version: 3.2-5
Check: Rd files
Result: NOTE
checkRd: (-1) cf_save_kml.Rd:68: Lost braces
68 | \code{\link{cf_find_station}} and code{vignette("choose-station")} for
| ^
Flavors: r-devel-linux-x86_64-debian-clang, r-devel-linux-x86_64-debian-gcc, r-devel-linux-x86_64-fedora-clang, r-devel-linux-x86_64-fedora-gcc, r-devel-windows-x86_64, r-patched-linux-x86_64, r-release-linux-x86_64, r-release-macos-arm64, r-release-windows-x86_64