Last updated on 2024-04-17 10:41:32 CEST.
Flavor | Version | Tinstall | Tcheck | Ttotal | Status | Flags |
---|---|---|---|---|---|---|
r-devel-linux-x86_64-debian-clang | 0.9.0 | 69.25 | 472.76 | 542.01 | NOTE | |
r-devel-linux-x86_64-debian-gcc | 0.9.0 | 56.08 | 331.15 | 387.23 | NOTE | |
r-devel-linux-x86_64-fedora-clang | 0.9.0 | 701.37 | NOTE | |||
r-devel-linux-x86_64-fedora-gcc | 0.9.0 | 705.35 | NOTE | |||
r-prerel-macos-arm64 | 0.9.0 | 140.00 | NOTE | |||
r-prerel-windows-x86_64 | 0.9.0 | 56.00 | 278.00 | 334.00 | NOTE | |
r-patched-linux-x86_64 | 0.9.0 | 67.99 | 437.28 | 505.27 | NOTE | |
r-release-linux-x86_64 | 0.9.0 | 70.10 | 446.23 | 516.33 | NOTE | |
r-release-macos-arm64 | 0.9.0 | 158.00 | NOTE | |||
r-release-macos-x86_64 | 0.9.0 | 293.00 | NOTE | |||
r-release-windows-x86_64 | 0.9.0 | 71.00 | 398.00 | 469.00 | NOTE | |
r-oldrel-macos-arm64 | 0.9.0 | 128.00 | NOTE | |||
r-oldrel-windows-x86_64 | 0.9.0 | 71.00 | 386.00 | 457.00 | OK |
Version: 0.9.0
Check: C++ specification
Result: NOTE
Specified C++11: please drop specification unless essential
Flavors: r-devel-linux-x86_64-debian-clang, r-devel-linux-x86_64-debian-gcc, r-devel-linux-x86_64-fedora-clang, r-devel-linux-x86_64-fedora-gcc, r-prerel-macos-arm64, r-prerel-windows-x86_64, r-patched-linux-x86_64, r-release-linux-x86_64, r-release-macos-arm64, r-release-macos-x86_64, r-release-windows-x86_64
Version: 0.9.0
Check: package subdirectories
Result: NOTE
Problems with news in ‘NEWS.md’:
Cannot extract version info from the following section titles:
clhs_0.7-2
clhs_0.7-0
clhs_0.6-0
clhs_0.5-7
clhs_0.5-6
clhs_0.5-3
clhs_0.5-2
clhs_0.5-1
clhs_0.5-0
clhs_0.4-3
clhs_0.4-2
clhs_0.4-1
clhs_0.4-0
clhs_0.3-2
clhs_0.3-1
clhs_0.3-0
clhs_0.2-1
clhs_0.2-0
clhs_0.1-0
Flavors: r-devel-linux-x86_64-debian-clang, r-devel-linux-x86_64-debian-gcc, r-devel-linux-x86_64-fedora-clang, r-devel-linux-x86_64-fedora-gcc, r-prerel-macos-arm64, r-prerel-windows-x86_64, r-patched-linux-x86_64, r-release-linux-x86_64, r-release-macos-arm64, r-release-macos-x86_64, r-release-windows-x86_64
Version: 0.9.0
Check: dependencies in R code
Result: NOTE
Namespace in Imports field not imported from: ‘sp’
All declared Imports should be used.
Flavors: r-devel-linux-x86_64-fedora-clang, r-devel-linux-x86_64-fedora-gcc, r-oldrel-macos-arm64