CRAN Package Check Results for Package clevr

Last updated on 2022-06-26 11:52:28 CEST.

Flavor Version Tinstall Tcheck Ttotal Status Flags
r-devel-linux-x86_64-debian-clang 0.1.1 25.24 74.38 99.62 NOTE
r-devel-linux-x86_64-debian-gcc 0.1.1 21.51 58.45 79.96 NOTE
r-devel-linux-x86_64-fedora-clang 0.1.1 143.28 NOTE
r-devel-linux-x86_64-fedora-gcc 0.1.1 137.86 NOTE
r-devel-windows-x86_64 0.1.1 39.00 114.00 153.00 NOTE
r-patched-linux-x86_64 0.1.1 25.08 72.83 97.91 NOTE
r-release-linux-x86_64 0.1.1 23.22 73.03 96.25 NOTE
r-release-macos-arm64 0.1.1 36.00 NOTE
r-release-macos-x86_64 0.1.1 53.00 NOTE
r-release-windows-x86_64 0.1.1 39.00 119.00 158.00 NOTE
r-oldrel-macos-arm64 0.1.1 44.00 NOTE
r-oldrel-macos-x86_64 0.1.1 86.00 NOTE
r-oldrel-windows-ix86+x86_64 0.1.1 69.00 137.00 206.00 NOTE

Check Details

Version: 0.1.1
Check: LazyData
Result: NOTE
     'LazyData' is specified without a 'data' directory
Flavors: r-devel-linux-x86_64-debian-clang, r-devel-linux-x86_64-debian-gcc, r-devel-linux-x86_64-fedora-clang, r-devel-linux-x86_64-fedora-gcc, r-devel-windows-x86_64, r-patched-linux-x86_64, r-release-linux-x86_64, r-release-macos-arm64, r-release-macos-x86_64, r-release-windows-x86_64, r-oldrel-macos-arm64, r-oldrel-macos-x86_64, r-oldrel-windows-ix86+x86_64