Last updated on 2022-07-04 12:54:06 CEST.
Flavor | Version | Tinstall | Tcheck | Ttotal | Status | Flags |
---|---|---|---|---|---|---|
r-devel-linux-x86_64-debian-clang | 1.2.0 | 117.61 | 63.55 | 181.16 | OK | |
r-devel-linux-x86_64-debian-gcc | 1.2.0 | 95.76 | 49.47 | 145.23 | OK | |
r-devel-linux-x86_64-fedora-clang | 1.2.0 | 274.95 | NOTE | |||
r-devel-linux-x86_64-fedora-gcc | 1.2.0 | 257.53 | OK | |||
r-devel-windows-x86_64 | 1.2.0 | 88.00 | 160.00 | 248.00 | OK | |
r-patched-linux-x86_64 | 1.2.0 | 98.05 | 68.89 | 166.94 | OK | |
r-release-linux-x86_64 | 1.2.0 | 98.04 | 69.20 | 167.24 | OK | |
r-release-macos-arm64 | 1.2.0 | 69.00 | NOTE | |||
r-release-macos-x86_64 | 1.2.0 | 93.00 | NOTE | |||
r-release-windows-x86_64 | 1.2.0 | 95.00 | 159.00 | 254.00 | OK | |
r-oldrel-macos-arm64 | 1.2.0 | 88.00 | NOTE | |||
r-oldrel-macos-x86_64 | 1.2.0 | 141.00 | NOTE | |||
r-oldrel-windows-ix86+x86_64 | 1.2.0 | 257.00 | 146.00 | 403.00 | OK |
Version: 1.2.0
Check: installed package size
Result: NOTE
installed size is 19.6Mb
sub-directories of 1Mb or more:
libs 18.7Mb
Flavors: r-devel-linux-x86_64-fedora-clang, r-release-macos-arm64, r-release-macos-x86_64, r-oldrel-macos-arm64, r-oldrel-macos-x86_64