Last updated on 2025-02-21 10:51:33 CET.
Flavor | Version | Tinstall | Tcheck | Ttotal | Status | Flags |
---|---|---|---|---|---|---|
r-devel-linux-x86_64-debian-clang | 0.4.1 | 1.97 | 24.63 | 26.60 | NOTE | |
r-devel-linux-x86_64-debian-gcc | 0.4.1 | 1.45 | 18.35 | 19.80 | NOTE | |
r-devel-linux-x86_64-fedora-clang | 0.4.1 | 42.15 | OK | |||
r-devel-linux-x86_64-fedora-gcc | 0.4.1 | 39.63 | OK | |||
r-devel-macos-arm64 | 0.4.1 | 19.00 | OK | |||
r-devel-macos-x86_64 | 0.4.1 | 30.00 | OK | |||
r-devel-windows-x86_64 | 0.4.1 | 3.00 | 56.00 | 59.00 | NOTE | |
r-patched-linux-x86_64 | 0.4.1 | 1.96 | 23.06 | 25.02 | OK | |
r-release-linux-x86_64 | 0.4.1 | 1.80 | 22.99 | 24.79 | OK | |
r-release-macos-arm64 | 0.4.1 | 20.00 | OK | |||
r-release-macos-x86_64 | 0.4.1 | 26.00 | OK | |||
r-release-windows-x86_64 | 0.4.1 | 3.00 | 47.00 | 50.00 | OK | |
r-oldrel-macos-arm64 | 0.4.1 | 18.00 | OK | |||
r-oldrel-macos-x86_64 | 0.4.1 | 23.00 | OK | |||
r-oldrel-windows-x86_64 | 0.4.1 | 3.00 | 54.00 | 57.00 | OK |
Version: 0.4.1
Check: Rd cross-references
Result: NOTE
Found the following Rd file(s) with Rd \link{} targets missing package
anchors:
generate_classification_data.Rd: knn
Please provide package anchors for all Rd \link{} targets not in the
package itself and the base packages.
Flavors: r-devel-linux-x86_64-debian-clang, r-devel-linux-x86_64-debian-gcc, r-devel-windows-x86_64