CRAN Package Check Results for Package classifierplots

Last updated on 2024-02-23 11:53:19 CET.

Flavor Version Tinstall Tcheck Ttotal Status Flags
r-devel-linux-x86_64-debian-clang 1.4.0 OK
r-devel-linux-x86_64-debian-gcc 1.4.0 13.88 96.98 110.86 OK
r-devel-linux-x86_64-fedora-clang 1.4.0 181.65 NOTE
r-devel-linux-x86_64-fedora-gcc 1.4.0 168.47 NOTE
r-devel-windows-x86_64 1.4.0 14.00 104.00 118.00 OK
r-patched-linux-x86_64 1.4.0 11.76 124.38 136.14 OK
r-release-linux-x86_64 1.4.0 10.94 125.51 136.45 OK
r-release-macos-arm64 1.4.0 59.00 OK
r-release-macos-x86_64 1.4.0 93.00 OK
r-release-windows-x86_64 1.4.0 20.00 131.00 151.00 OK
r-oldrel-macos-arm64 1.4.0 49.00 NOTE
r-oldrel-windows-x86_64 1.4.0 21.00 133.00 154.00 OK

Check Details

Version: 1.4.0
Check: dependencies in R code
Result: NOTE Namespace in Imports field not imported from: ‘Rcpp’ All declared Imports should be used. Flavors: r-devel-linux-x86_64-fedora-clang, r-devel-linux-x86_64-fedora-gcc, r-oldrel-macos-arm64