Last updated on 2024-04-18 12:52:39 CEST.
Flavor | Version | Tinstall | Tcheck | Ttotal | Status | Flags |
---|---|---|---|---|---|---|
r-devel-linux-x86_64-debian-clang | 0.4.2 | 2.74 | 35.61 | 38.35 | NOTE | |
r-devel-linux-x86_64-debian-gcc | 0.4.2 | 2.27 | 27.39 | 29.66 | NOTE | |
r-devel-linux-x86_64-fedora-clang | 0.4.2 | 51.23 | NOTE | |||
r-devel-linux-x86_64-fedora-gcc | 0.4.2 | 64.69 | NOTE | |||
r-prerel-macos-arm64 | 0.4.2 | 33.00 | NOTE | |||
r-prerel-windows-x86_64 | 0.4.2 | 5.00 | 53.00 | 58.00 | NOTE | |
r-patched-linux-x86_64 | 0.4.2 | 2.80 | 33.91 | 36.71 | NOTE | |
r-release-linux-x86_64 | 0.4.2 | 2.99 | 33.00 | 35.99 | NOTE | |
r-release-macos-arm64 | 0.4.2 | 23.00 | NOTE | |||
r-release-macos-x86_64 | 0.4.2 | 36.00 | NOTE | |||
r-release-windows-x86_64 | 0.4.2 | 3.00 | 54.00 | 57.00 | NOTE | |
r-oldrel-macos-arm64 | 0.4.2 | 22.00 | NOTE | |||
r-oldrel-windows-x86_64 | 0.4.2 | 5.00 | 55.00 | 60.00 | NOTE |
Version: 0.4.2
Check: Rd files
Result: NOTE
checkRd: (-1) get_langs.Rd:13: Lost braces
13 | character vector listing all the languages that tag API call supports. See \code{\link{tag_images}} and code{\link{tag_image_urls}}
| ^
Flavors: r-devel-linux-x86_64-debian-clang, r-devel-linux-x86_64-debian-gcc, r-devel-linux-x86_64-fedora-clang, r-devel-linux-x86_64-fedora-gcc, r-prerel-macos-arm64, r-prerel-windows-x86_64, r-patched-linux-x86_64
Version: 0.4.2
Check: LazyData
Result: NOTE
'LazyData' is specified without a 'data' directory
Flavors: r-devel-linux-x86_64-debian-clang, r-devel-linux-x86_64-debian-gcc, r-devel-linux-x86_64-fedora-clang, r-devel-linux-x86_64-fedora-gcc, r-prerel-macos-arm64, r-prerel-windows-x86_64, r-patched-linux-x86_64, r-release-linux-x86_64, r-release-macos-arm64, r-release-macos-x86_64, r-release-windows-x86_64, r-oldrel-macos-arm64, r-oldrel-windows-x86_64