Last updated on 2025-05-09 10:49:24 CEST.
Flavor | Version | Tinstall | Tcheck | Ttotal | Status | Flags |
---|---|---|---|---|---|---|
r-devel-linux-x86_64-debian-clang | 2.1.1 | 15.78 | 133.64 | 149.42 | NOTE | |
r-devel-linux-x86_64-debian-gcc | 2.1.1 | 11.13 | 92.70 | 103.83 | NOTE | |
r-devel-linux-x86_64-fedora-clang | 2.1.1 | 237.44 | OK | |||
r-devel-linux-x86_64-fedora-gcc | 2.1.1 | 225.29 | OK | |||
r-devel-windows-x86_64 | 2.1.1 | 16.00 | 137.00 | 153.00 | OK | |
r-patched-linux-x86_64 | 2.1.1 | 16.24 | 122.95 | 139.19 | OK | |
r-release-linux-x86_64 | 2.1.1 | 16.67 | 125.94 | 142.61 | OK | |
r-release-macos-arm64 | 2.1.1 | 98.00 | OK | |||
r-release-macos-x86_64 | 2.1.1 | 131.00 | OK | |||
r-release-windows-x86_64 | 2.1.1 | 17.00 | 136.00 | 153.00 | OK | |
r-oldrel-macos-arm64 | 2.1.1 | 63.00 | OK | |||
r-oldrel-macos-x86_64 | 2.1.1 | 109.00 | OK | |||
r-oldrel-windows-x86_64 | 2.1.1 | 22.00 | 169.00 | 191.00 | OK |
Version: 2.1.1
Check: CRAN incoming feasibility
Result: NOTE
Maintainer: ‘Anton Strezhnev <astrezhnev@uchicago.edu>’
No Authors@R field in DESCRIPTION.
Please add one, modifying
Authors@R: c(person(given = "Soubhik",
family = "Barari",
role = "aut"),
person(given = "Elissa",
family = "Berwick",
role = "aut"),
person(given = "Jens",
family = "Hainmueller",
role = "aut"),
person(given = "Daniel",
family = "Hopkins",
role = "aut"),
person(given = "Sean",
family = "Liu",
role = "aut"),
person(given = "Anton",
family = "Strezhnev",
role = c("aut", "cre"),
email = "astrezhnev@uchicago.edu"),
person(given = "Teppei",
family = "Yamamoto",
role = "aut"))
as necessary.
Flavors: r-devel-linux-x86_64-debian-clang, r-devel-linux-x86_64-debian-gcc