Last updated on 2022-07-04 12:54:06 CEST.
Flavor | Version | Tinstall | Tcheck | Ttotal | Status | Flags |
---|---|---|---|---|---|---|
r-devel-linux-x86_64-debian-clang | 2.1.0 | 18.94 | 165.65 | 184.59 | OK | |
r-devel-linux-x86_64-debian-gcc | 2.1.0 | 15.32 | 121.15 | 136.47 | OK | |
r-devel-linux-x86_64-fedora-clang | 2.1.0 | 228.12 | NOTE | |||
r-devel-linux-x86_64-fedora-gcc | 2.1.0 | 220.07 | NOTE | |||
r-devel-windows-x86_64 | 2.1.0 | 29.00 | 183.00 | 212.00 | OK | |
r-patched-linux-x86_64 | 2.1.0 | 18.23 | 153.11 | 171.34 | OK | |
r-release-linux-x86_64 | 2.1.0 | 18.99 | 154.74 | 173.73 | OK | |
r-release-macos-arm64 | 2.1.0 | 60.00 | NOTE | |||
r-release-macos-x86_64 | 2.1.0 | 121.00 | NOTE | |||
r-release-windows-x86_64 | 2.1.0 | 23.00 | 183.00 | 206.00 | OK | |
r-oldrel-macos-arm64 | 2.1.0 | 70.00 | NOTE | |||
r-oldrel-macos-x86_64 | 2.1.0 | 149.00 | NOTE | |||
r-oldrel-windows-ix86+x86_64 | 2.1.0 | 36.00 | 180.00 | 216.00 | OK |
Version: 2.1.0
Check: dependencies in R code
Result: NOTE
Namespace in Imports field not imported from: ‘shinyBS’
All declared Imports should be used.
Flavors: r-devel-linux-x86_64-fedora-clang, r-devel-linux-x86_64-fedora-gcc, r-release-macos-arm64, r-release-macos-x86_64, r-oldrel-macos-arm64, r-oldrel-macos-x86_64
Version: 2.1.0
Check: data for non-ASCII characters
Result: NOTE
Note: found 29 marked UTF-8 strings
Flavors: r-devel-linux-x86_64-fedora-clang, r-devel-linux-x86_64-fedora-gcc, r-release-macos-arm64, r-release-macos-x86_64, r-oldrel-macos-arm64, r-oldrel-macos-x86_64