Last updated on 2024-04-17 10:41:32 CEST.
Flavor | Version | Tinstall | Tcheck | Ttotal | Status | Flags |
---|---|---|---|---|---|---|
r-devel-linux-x86_64-debian-clang | 2.3.1 | 2.95 | 38.47 | 41.42 | NOTE | |
r-devel-linux-x86_64-debian-gcc | 2.3.1 | 2.83 | 29.65 | 32.48 | NOTE | |
r-devel-linux-x86_64-fedora-clang | 2.3.1 | 56.33 | NOTE | |||
r-devel-linux-x86_64-fedora-gcc | 2.3.1 | 69.98 | NOTE | |||
r-prerel-macos-arm64 | 2.3.1 | 26.00 | NOTE | |||
r-prerel-windows-x86_64 | 2.3.1 | 6.00 | 50.00 | 56.00 | NOTE | |
r-patched-linux-x86_64 | 2.3.1 | 4.36 | 38.03 | 42.39 | NOTE | |
r-release-linux-x86_64 | 2.3.1 | 3.36 | 36.29 | 39.65 | OK | |
r-release-macos-arm64 | 2.3.1 | 37.00 | OK | |||
r-release-macos-x86_64 | 2.3.1 | 67.00 | OK | |||
r-release-windows-x86_64 | 2.3.1 | 3.00 | 51.00 | 54.00 | OK | |
r-oldrel-macos-arm64 | 2.3.1 | 31.00 | OK | |||
r-oldrel-windows-x86_64 | 2.3.1 | 6.00 | 50.00 | 56.00 | OK |
Version: 2.3.1
Check: Rd files
Result: NOTE
checkRd: (-1) doseFind.Rd:63: Lost braces in \itemize; meant \describe ?
checkRd: (-1) doseFind.Rd:64: Lost braces in \itemize; meant \describe ?
checkRd: (-1) doseFind.Rd:50: Lost braces in \itemize; \value handles \item{}{} directly
checkRd: (-1) doseFind.Rd:51: Lost braces in \itemize; \value handles \item{}{} directly
checkRd: (-1) doseFind.Rd:52: Lost braces in \itemize; \value handles \item{}{} directly
checkRd: (-1) doseFind.Rd:53: Lost braces in \itemize; \value handles \item{}{} directly
checkRd: (-1) quickInverse.Rd:56: Lost braces in \itemize; \value handles \item{}{} directly
checkRd: (-1) quickInverse.Rd:57: Lost braces in \itemize; \value handles \item{}{} directly
checkRd: (-1) quickInverse.Rd:58: Lost braces in \itemize; \value handles \item{}{} directly
checkRd: (-1) quickIsotone.Rd:44: Lost braces in \itemize; \value handles \item{}{} directly
checkRd: (-1) quickIsotone.Rd:45: Lost braces in \itemize; \value handles \item{}{} directly
checkRd: (-1) quickIsotone.Rd:46: Lost braces in \itemize; \value handles \item{}{} directly
Flavors: r-devel-linux-x86_64-debian-clang, r-devel-linux-x86_64-debian-gcc, r-devel-linux-x86_64-fedora-clang, r-devel-linux-x86_64-fedora-gcc, r-prerel-macos-arm64, r-prerel-windows-x86_64, r-patched-linux-x86_64