Last updated on 2024-04-23 10:53:59 CEST.
Flavor | Version | Tinstall | Tcheck | Ttotal | Status | Flags |
---|---|---|---|---|---|---|
r-devel-linux-x86_64-debian-clang | 0.14.0 | 19.92 | 142.35 | 162.27 | OK | |
r-devel-linux-x86_64-debian-gcc | 0.14.0 | 16.95 | 98.88 | 115.83 | OK | |
r-devel-linux-x86_64-fedora-clang | 0.14.0 | 210.61 | NOTE | |||
r-devel-linux-x86_64-fedora-gcc | 0.14.0 | 212.26 | OK | |||
r-prerel-macos-arm64 | 0.14.0 | 51.00 | NOTE | |||
r-prerel-macos-x86_64 | 0.14.0 | 130.00 | NOTE | |||
r-prerel-windows-x86_64 | 0.14.0 | 22.00 | 128.00 | 150.00 | NOTE | |
r-patched-linux-x86_64 | 0.14.0 | 28.20 | 134.52 | 162.72 | OK | |
r-release-linux-x86_64 | 0.14.0 | 23.47 | 133.77 | 157.24 | OK | |
r-release-macos-arm64 | 0.14.0 | 53.00 | NOTE | |||
r-release-macos-x86_64 | 0.14.0 | 110.00 | NOTE | |||
r-release-windows-x86_64 | 0.14.0 | 29.00 | 152.00 | 181.00 | NOTE | |
r-oldrel-macos-arm64 | 0.14.0 | 53.00 | NOTE | |||
r-oldrel-windows-x86_64 | 0.14.0 | 29.00 | 115.00 | 144.00 | NOTE |
Version: 0.14.0
Check: installed package size
Result: NOTE
installed size is 6.7Mb
sub-directories of 1Mb or more:
R 1.8Mb
extdata 4.3Mb
Flavors: r-devel-linux-x86_64-fedora-clang, r-prerel-macos-arm64, r-prerel-macos-x86_64, r-prerel-windows-x86_64, r-release-macos-arm64, r-release-macos-x86_64, r-release-windows-x86_64, r-oldrel-macos-arm64, r-oldrel-windows-x86_64