CRAN Package Check Results for Package cifti

Last updated on 2022-06-27 11:50:39 CEST.

Flavor Version Tinstall Tcheck Ttotal Status Flags
r-devel-linux-x86_64-debian-clang 0.4.5 5.93 61.11 67.04 NOTE
r-devel-linux-x86_64-debian-gcc 0.4.5 5.14 46.73 51.87 NOTE
r-devel-linux-x86_64-fedora-clang 0.4.5 89.97 NOTE
r-devel-linux-x86_64-fedora-gcc 0.4.5 89.00 NOTE
r-devel-windows-x86_64 0.4.5 23.00 92.00 115.00 NOTE
r-patched-linux-x86_64 0.4.5 5.97 59.48 65.45 NOTE
r-release-linux-x86_64 0.4.5 6.23 59.21 65.44 NOTE
r-release-macos-arm64 0.4.5 27.00 NOTE
r-release-macos-x86_64 0.4.5 41.00 NOTE
r-release-windows-x86_64 0.4.5 16.00 90.00 106.00 NOTE
r-oldrel-macos-arm64 0.4.5 33.00 NOTE
r-oldrel-macos-x86_64 0.4.5 48.00 NOTE
r-oldrel-windows-ix86+x86_64 0.4.5 16.00 83.00 99.00 NOTE

Check Details

Version: 0.4.5
Check: LazyData
Result: NOTE
     'LazyData' is specified without a 'data' directory
Flavors: r-devel-linux-x86_64-debian-clang, r-devel-linux-x86_64-debian-gcc, r-devel-linux-x86_64-fedora-clang, r-devel-linux-x86_64-fedora-gcc, r-devel-windows-x86_64, r-patched-linux-x86_64, r-release-linux-x86_64, r-release-macos-arm64, r-release-macos-x86_64, r-release-windows-x86_64, r-oldrel-macos-arm64, r-oldrel-macos-x86_64, r-oldrel-windows-ix86+x86_64