CRAN Package Check Results for Package chronicle

Last updated on 2025-06-12 11:50:00 CEST.

Flavor Version Tinstall Tcheck Ttotal Status Flags
r-devel-linux-x86_64-debian-clang 0.3 5.21 58.12 63.33 OK
r-devel-linux-x86_64-debian-gcc 0.3 3.15 41.44 44.59 OK
r-devel-linux-x86_64-fedora-clang 0.3 102.44 NOTE
r-devel-linux-x86_64-fedora-gcc 0.3 106.43 NOTE
r-devel-windows-x86_64 0.3 8.00 81.00 89.00 OK
r-patched-linux-x86_64 0.3 5.40 54.34 59.74 OK
r-release-linux-x86_64 0.3 4.71 53.91 58.62 OK
r-release-macos-arm64 0.3 38.00 OK
r-release-macos-x86_64 0.3 75.00 OK
r-release-windows-x86_64 0.3 8.00 83.00 91.00 OK
r-oldrel-macos-arm64 0.3 42.00 OK
r-oldrel-macos-x86_64 0.3 55.00 OK
r-oldrel-windows-x86_64 0.3 8.00 101.00 109.00 OK

Check Details

Version: 0.3
Check: dependencies in R code
Result: NOTE Namespaces in Imports field not imported from: ‘DT’ ‘dplyr’ ‘prettydoc’ ‘rmdformats’ ‘skimr’ All declared Imports should be used. Flavors: r-devel-linux-x86_64-fedora-clang, r-devel-linux-x86_64-fedora-gcc