CRAN Package Check Results for Package chromseq

Last updated on 2023-10-01 12:00:32 CEST.

Flavor Version Tinstall Tcheck Ttotal Status Flags
r-devel-linux-x86_64-debian-clang 0.1.3 2.12 22.14 24.26 OK
r-devel-linux-x86_64-debian-gcc 0.1.3 1.90 17.48 19.38 OK
r-devel-linux-x86_64-fedora-clang 0.1.3 31.13 NOTE
r-devel-linux-x86_64-fedora-gcc 0.1.3 29.64 NOTE
r-devel-windows-x86_64 0.1.3 3.00 40.00 43.00 OK
r-patched-linux-x86_64 0.1.3 1.92 22.17 24.09 OK
r-release-linux-x86_64 0.1.3 1.97 21.78 23.75 OK
r-release-macos-arm64 0.1.3 13.00 OK
r-release-macos-x86_64 0.1.3 19.00 OK
r-release-windows-x86_64 0.1.3 3.00 45.00 48.00 OK
r-oldrel-macos-arm64 0.1.3 14.00 OK
r-oldrel-macos-x86_64 0.1.3 20.00 NOTE
r-oldrel-windows-x86_64 0.1.3 5.00 46.00 51.00 OK

Check Details

Version: 0.1.3
Check: dependencies in R code
Result: NOTE
    Namespace in Imports field not imported from: ‘base’
     All declared Imports should be used.
Flavors: r-devel-linux-x86_64-fedora-clang, r-devel-linux-x86_64-fedora-gcc, r-oldrel-macos-x86_64