Last updated on 2023-01-27 11:49:23 CET.
Flavor | Version | Tinstall | Tcheck | Ttotal | Status | Flags |
---|---|---|---|---|---|---|
r-devel-linux-x86_64-debian-clang | 0.1.1 | 19.79 | 191.61 | 211.40 | NOTE | |
r-devel-linux-x86_64-debian-gcc | 0.1.1 | 15.22 | 141.20 | 156.42 | NOTE | |
r-devel-linux-x86_64-fedora-clang | 0.1.1 | 261.35 | NOTE | |||
r-devel-linux-x86_64-fedora-gcc | 0.1.1 | 272.33 | NOTE | |||
r-devel-windows-x86_64 | 0.1.1 | 28.00 | 209.00 | 237.00 | NOTE | |
r-patched-linux-x86_64 | 0.1.1 | 24.04 | 183.09 | 207.13 | NOTE | |
r-release-linux-x86_64 | 0.1.1 | 14.01 | 188.44 | 202.45 | NOTE | |
r-release-macos-arm64 | 0.1.1 | 72.00 | NOTE | |||
r-release-macos-x86_64 | 0.1.1 | 108.00 | NOTE | |||
r-release-windows-x86_64 | 0.1.1 | 34.00 | 222.00 | 256.00 | NOTE | |
r-oldrel-macos-arm64 | 0.1.1 | 76.00 | NOTE | |||
r-oldrel-macos-x86_64 | 0.1.1 | 108.00 | NOTE | |||
r-oldrel-windows-ix86+x86_64 | 0.1.1 | 49.00 | 217.00 | 266.00 | NOTE |
Version: 0.1.1
Check: package dependencies
Result: NOTE
Package suggested but not available for checking: ‘cmdstanr’
Flavors: r-devel-linux-x86_64-debian-clang, r-devel-linux-x86_64-debian-gcc, r-devel-linux-x86_64-fedora-clang, r-devel-linux-x86_64-fedora-gcc, r-devel-windows-x86_64, r-patched-linux-x86_64, r-release-linux-x86_64, r-release-macos-arm64, r-release-macos-x86_64, r-release-windows-x86_64, r-oldrel-macos-arm64, r-oldrel-macos-x86_64, r-oldrel-windows-ix86+x86_64
Version: 0.1.1
Check: Rd cross-references
Result: NOTE
Package unavailable to check Rd xrefs: ‘cmdstanr’
Flavors: r-devel-linux-x86_64-debian-clang, r-devel-linux-x86_64-debian-gcc, r-devel-linux-x86_64-fedora-clang, r-devel-linux-x86_64-fedora-gcc, r-devel-windows-x86_64, r-patched-linux-x86_64, r-release-linux-x86_64, r-release-macos-arm64, r-release-macos-x86_64, r-release-windows-x86_64, r-oldrel-macos-arm64, r-oldrel-macos-x86_64, r-oldrel-windows-ix86+x86_64
Version: 0.1.1
Check: dependencies in R code
Result: NOTE
Namespace in Imports field not imported from: ‘Rdpack’
All declared Imports should be used.
Flavors: r-devel-linux-x86_64-fedora-clang, r-devel-linux-x86_64-fedora-gcc, r-release-macos-arm64, r-release-macos-x86_64, r-oldrel-macos-arm64, r-oldrel-macos-x86_64