CRAN Package Check Results for Package childesr

Last updated on 2022-06-25 10:52:59 CEST.

Flavor Version Tinstall Tcheck Ttotal Status Flags
r-devel-linux-x86_64-debian-clang 0.2.3 2.78 37.97 40.75 OK
r-devel-linux-x86_64-debian-gcc 0.2.3 2.09 29.67 31.76 OK
r-devel-linux-x86_64-fedora-clang 0.2.3 61.49 NOTE
r-devel-linux-x86_64-fedora-gcc 0.2.3 58.39 NOTE
r-devel-windows-x86_64 0.2.3 20.00 99.00 119.00 OK
r-patched-linux-x86_64 0.2.3 2.46 36.68 39.14 OK
r-release-linux-x86_64 0.2.3 2.13 36.42 38.55 OK
r-release-macos-arm64 0.2.3 52.00 NOTE
r-release-macos-x86_64 0.2.3 64.00 NOTE
r-release-windows-x86_64 0.2.3 16.00 99.00 115.00 OK
r-oldrel-macos-arm64 0.2.3 43.00 NOTE
r-oldrel-macos-x86_64 0.2.3 54.00 NOTE
r-oldrel-windows-ix86+x86_64 0.2.3 7.00 101.00 108.00 OK

Check Details

Version: 0.2.3
Check: dependencies in R code
Result: NOTE
    Namespace in Imports field not imported from: ‘dbplyr’
     All declared Imports should be used.
Flavors: r-devel-linux-x86_64-fedora-clang, r-devel-linux-x86_64-fedora-gcc, r-release-macos-arm64, r-release-macos-x86_64, r-oldrel-macos-arm64, r-oldrel-macos-x86_64