Last updated on 2022-06-30 11:53:04 CEST.
Flavor | Version | Tinstall | Tcheck | Ttotal | Status | Flags |
---|---|---|---|---|---|---|
r-devel-linux-x86_64-debian-clang | 1.2.3 | 77.66 | 73.25 | 150.91 | WARN | |
r-devel-linux-x86_64-debian-gcc | 1.2.3 | 60.77 | 55.48 | 116.25 | OK | |
r-devel-linux-x86_64-fedora-clang | 1.2.3 | 224.65 | WARN | |||
r-devel-linux-x86_64-fedora-gcc | 1.2.3 | 208.84 | OK | |||
r-devel-windows-x86_64 | 1.2.3 | 137.00 | 122.00 | 259.00 | OK | |
r-patched-linux-x86_64 | 1.2.3 | 65.79 | 68.55 | 134.34 | OK | |
r-release-linux-x86_64 | 1.2.3 | 57.62 | 68.84 | 126.46 | OK | |
r-release-macos-arm64 | 1.2.3 | 51.00 | OK | |||
r-release-macos-x86_64 | 1.2.3 | 98.00 | OK | |||
r-release-windows-x86_64 | 1.2.3 | 77.00 | 121.00 | 198.00 | OK | |
r-oldrel-macos-arm64 | 1.2.3 | 60.00 | OK | |||
r-oldrel-macos-x86_64 | 1.2.3 | 108.00 | OK | |||
r-oldrel-windows-ix86+x86_64 | 1.2.3 | 206.00 | 136.00 | 342.00 | OK |
Version: 1.2.3
Check: whether package can be installed
Result: WARN
Found the following significant warnings:
RandIndex.cpp:28:10: warning: use of bitwise '&' with boolean operands [-Wbitwise-instead-of-logical]
RandIndex.cpp:30:16: warning: use of bitwise '&' with boolean operands [-Wbitwise-instead-of-logical]
RandIndex.cpp:33:16: warning: use of bitwise '&' with boolean operands [-Wbitwise-instead-of-logical]
Flavors: r-devel-linux-x86_64-debian-clang, r-devel-linux-x86_64-fedora-clang