Last updated on 2025-07-12 11:48:21 CEST.
Flavor | Version | Tinstall | Tcheck | Ttotal | Status | Flags |
---|---|---|---|---|---|---|
r-devel-linux-x86_64-debian-clang | 0.1.8 | 10.00 | 527.34 | 537.34 | OK | |
r-devel-linux-x86_64-debian-gcc | 0.1.8 | 7.39 | 501.74 | 509.13 | OK | |
r-devel-linux-x86_64-fedora-clang | 0.1.8 | 726.51 | NOTE | |||
r-devel-linux-x86_64-fedora-gcc | 0.1.8 | 735.29 | NOTE | |||
r-devel-windows-x86_64 | 0.1.8 | 12.00 | 471.00 | 483.00 | OK | |
r-patched-linux-x86_64 | 0.1.8 | 11.40 | 511.50 | 522.90 | OK | |
r-release-linux-x86_64 | 0.1.8 | 8.52 | 508.71 | 517.23 | OK | |
r-release-macos-arm64 | 0.1.8 | 348.00 | OK | |||
r-release-macos-x86_64 | 0.1.8 | 605.00 | OK | |||
r-release-windows-x86_64 | 0.1.8 | 14.00 | 487.00 | 501.00 | OK | |
r-oldrel-macos-arm64 | 0.1.8 | 289.00 | NOTE | |||
r-oldrel-macos-x86_64 | 0.1.8 | 358.00 | NOTE | |||
r-oldrel-windows-x86_64 | 0.1.8 | 16.00 | 640.00 | 656.00 | NOTE |
Version: 0.1.8
Check: dependencies in R code
Result: NOTE
Namespaces in Imports field not imported from:
'knitr' 'rmarkdown'
All declared Imports should be used.
Flavors: r-devel-linux-x86_64-fedora-clang, r-devel-linux-x86_64-fedora-gcc
Version: 0.1.8
Check: package dependencies
Result: NOTE
Package suggested but not available for checking: ‘countreg’
Flavors: r-oldrel-macos-arm64, r-oldrel-macos-x86_64, r-oldrel-windows-x86_64