CRAN Package Check Results for Package cherry

Last updated on 2022-07-06 12:53:32 CEST.

Flavor Version Tinstall Tcheck Ttotal Status Flags
r-devel-linux-x86_64-debian-clang 0.6-14 5.80 69.65 75.45 OK
r-devel-linux-x86_64-debian-gcc 0.6-14 5.81 54.23 60.04 OK
r-devel-linux-x86_64-fedora-clang 0.6-14 102.72 OK
r-devel-linux-x86_64-fedora-gcc 0.6-14 100.27 OK
r-devel-windows-x86_64 0.6-14 24.00 118.00 142.00 OK
r-patched-linux-x86_64 0.6-14 6.05 67.55 73.60 OK
r-release-linux-x86_64 0.6-14 5.51 66.69 72.20 OK
r-release-macos-arm64 0.6-14 29.00 NOTE
r-release-macos-x86_64 0.6-14 45.00 OK
r-release-windows-x86_64 0.6-14 33.00 120.00 153.00 OK
r-oldrel-macos-arm64 0.6-14 42.00 OK
r-oldrel-macos-x86_64 0.6-14 62.00 OK
r-oldrel-windows-ix86+x86_64 0.6-14 16.00 95.00 111.00 OK

Check Details

Version: 0.6-14
Check: package dependencies
Result: NOTE
    Package suggested but not available for checking: ‘multtest’
Flavor: r-release-macos-arm64