Last updated on 2025-04-29 12:52:31 CEST.
Flavor | Version | Tinstall | Tcheck | Ttotal | Status | Flags |
---|---|---|---|---|---|---|
r-devel-linux-x86_64-debian-clang | 0.1-639 | 13.00 | 134.60 | 147.60 | NOTE | |
r-devel-linux-x86_64-debian-gcc | 0.1-639 | 8.63 | 95.62 | 104.25 | NOTE | |
r-devel-linux-x86_64-fedora-clang | 0.1-639 | 234.41 | OK | |||
r-devel-linux-x86_64-fedora-gcc | 0.1-639 | 239.90 | OK | |||
r-devel-windows-x86_64 | 0.1-639 | 16.00 | 235.00 | 251.00 | OK | |
r-patched-linux-x86_64 | 0.1-639 | 14.73 | 129.80 | 144.53 | OK | |
r-release-linux-x86_64 | 0.1-639 | 13.35 | 127.88 | 141.23 | OK | |
r-release-macos-arm64 | 0.1-639 | 80.00 | OK | |||
r-release-macos-x86_64 | 0.1-639 | 178.00 | OK | |||
r-release-windows-x86_64 | 0.1-639 | 18.00 | 248.00 | 266.00 | OK | |
r-oldrel-macos-arm64 | 0.1-639 | 79.00 | OK | |||
r-oldrel-macos-x86_64 | 0.1-639 | 279.00 | OK | |||
r-oldrel-windows-x86_64 | 0.1-639 | 23.00 | 235.00 | 258.00 | OK |
Version: 0.1-639
Check: CRAN incoming feasibility
Result: NOTE
Maintainer: ‘Lawrence Hudson <quicklizard@googlemail.com>’
No Authors@R field in DESCRIPTION.
Please add one, modifying
Authors@R: c(person(given = c("Lawrence", "Hudson", "with", "contributions", "from", "Dan"),
family = "Reuman",
role = "aut"),
person(given = "Rob",
family = "Emerson",
role = "aut"),
person(given = "Lawrence",
family = "Hudson",
role = "cre",
email = "quicklizard@googlemail.com"))
as necessary.
Flavors: r-devel-linux-x86_64-debian-clang, r-devel-linux-x86_64-debian-gcc